{"id":4327,"date":"2020-06-19T19:06:30","date_gmt":"2020-06-19T19:06:30","guid":{"rendered":"http:\/\/cultura.guanajuato.gob.mx\/wp-content\/uploads\/2020\/06\/San-Jose-y-el-Ni\u00f1o-Atribuido.jpg"},"modified":"2020-06-19T19:08:10","modified_gmt":"2020-06-19T19:08:10","slug":"san-jose-y-el-nino-atribuido","status":"inherit","type":"attachment","link":"https:\/\/cultura.guanajuato.gob.mx\/index.php\/2020\/06\/19\/activacion-creativa-mi-papa-es-una-obra-de-arte\/san-jose-y-el-nino-atribuido\/","title":{"rendered":"San Jose y el Ni\u00f1o &#8211; Atribuido"},"author":5,"featured_media":0,"comment_status":"closed","ping_status":"closed","template":"","meta":[],"class_list":["post-4327","attachment","type-attachment","status-inherit","hentry"],"description":{"rendered":"<p class=\"attachment\"><a href='https:\/\/cultura.guanajuato.gob.mx\/wp-content\/uploads\/2020\/06\/San-Jose-y-el-Ni\u00f1o-Atribuido.jpg'><img loading=\"lazy\" decoding=\"async\" width=\"199\" height=\"300\" src=\"https:\/\/cultura.guanajuato.gob.mx\/wp-content\/uploads\/2020\/06\/San-Jose-y-el-Ni\u00f1o-Atribuido-199x300.jpg\" class=\"attachment-medium size-medium\" alt=\"\" srcset=\"https:\/\/cultura.guanajuato.gob.mx\/wp-content\/uploads\/2020\/06\/San-Jose-y-el-Ni\u00f1o-Atribuido-199x300.jpg 199w, https:\/\/cultura.guanajuato.gob.mx\/wp-content\/uploads\/2020\/06\/San-Jose-y-el-Ni\u00f1o-Atribuido.jpg 511w\" sizes=\"auto, (max-width: 199px) 100vw, 199px\" \/><\/a><\/p>\n"},"caption":{"rendered":"<p>San Jos\u00e9 y Ni\u00f1o Jes\u00fas &#8211; Atribuido a Hermenegildo Bustos<\/p>\n"},"alt_text":"","media_type":"image","mime_type":"image\/jpeg","media_details":{"width":511,"height":772,"file":"2020\/06\/San-Jose-y-el-Ni\u00f1o-Atribuido.jpg","sizes":{"thumbnail":{"file":"San-Jose-y-el-Ni\u00f1o-Atribuido-150x150.jpg","width":150,"height":150,"mime_type":"image\/jpeg","source_url":"https:\/\/cultura.guanajuato.gob.mx\/wp-content\/uploads\/2020\/06\/San-Jose-y-el-Ni\u00f1o-Atribuido-150x150.jpg"},"medium":{"file":"San-Jose-y-el-Ni\u00f1o-Atribuido-199x300.jpg","width":199,"height":300,"mime_type":"image\/jpeg","source_url":"https:\/\/cultura.guanajuato.gob.mx\/wp-content\/uploads\/2020\/06\/San-Jose-y-el-Ni\u00f1o-Atribuido-199x300.jpg"},"rpwe-thumbnail":{"file":"San-Jose-y-el-Ni\u00f1o-Atribuido-45x45.jpg","width":45,"height":45,"mime_type":"image\/jpeg","source_url":"https:\/\/cultura.guanajuato.gob.mx\/wp-content\/uploads\/2020\/06\/San-Jose-y-el-Ni\u00f1o-Atribuido-45x45.jpg"},"full":{"file":"San-Jose-y-el-Ni\u00f1o-Atribuido.jpg","width":511,"height":772,"mime_type":"image\/jpeg","source_url":"https:\/\/cultura.guanajuato.gob.mx\/wp-content\/uploads\/2020\/06\/San-Jose-y-el-Ni\u00f1o-Atribuido.jpg"}},"image_meta":{"aperture":"0","credit":"","camera":"","caption":"","created_timestamp":"0","copyright":"","focal_length":"0","iso":"0","shutter_speed":"0","title":"","orientation":"0","keywords":[]}},"post":4316,"source_url":"https:\/\/cultura.guanajuato.gob.mx\/wp-content\/uploads\/2020\/06\/San-Jose-y-el-Ni\u00f1o-Atribuido.jpg","_links":{"self":[{"href":"https:\/\/cultura.guanajuato.gob.mx\/index.php\/wp-json\/wp\/v2\/media\/4327","targetHints":{"allow":["GET"]}}],"collection":[{"href":"https:\/\/cultura.guanajuato.gob.mx\/index.php\/wp-json\/wp\/v2\/media"}],"about":[{"href":"https:\/\/cultura.guanajuato.gob.mx\/index.php\/wp-json\/wp\/v2\/types\/attachment"}],"author":[{"embeddable":true,"href":"https:\/\/cultura.guanajuato.gob.mx\/index.php\/wp-json\/wp\/v2\/users\/5"}],"replies":[{"embeddable":true,"href":"https:\/\/cultura.guanajuato.gob.mx\/index.php\/wp-json\/wp\/v2\/comments?post=4327"}]}}

http://cultura.guanajuato.gob.mx/wp-content/uploads/2020/06/San-Jose-y-el-Niño-Atribuido.jpg

San Jose y el Niño &#8211; Atribuido

<p class="attachment"><a href='https://cultura.guanajuato.gob.mx/wp-content/uploads/2020/06/San-Jose-y-el-Niño-Atribuido.jpg'><img loading="lazy" decoding="async" width="199" height="300" src="https://cultura.guanajuato.gob.mx/wp-content/uploads/2020/06/San-Jose-y-el-Niño-Atribuido-199x300.jpg" class="attachment-medium size-medium" alt="" srcset="https://cultura.guanajuato.gob.mx/wp-content/uploads/2020/06/San-Jose-y-el-Niño-Atribuido-199x300.jpg 199w, https://cultura.guanajuato.gob.mx/wp-content/uploads/2020/06/San-Jose-y-el-Niño-Atribuido.jpg 511w" sizes="auto, (max-width: 199px) 100vw, 199px" /></a></p>

<p>San José y Niño Jesús &#8211; Atribuido a Hermenegildo Bustos</p>

2020/06/San-Jose-y-el-Niño-Atribuido.jpg

San-Jose-y-el-Niño-Atribuido-150x150.jpg

https://cultura.guanajuato.gob.mx/wp-content/uploads/2020/06/San-Jose-y-el-Niño-Atribuido-150x150.jpg

San-Jose-y-el-Niño-Atribuido-199x300.jpg

https://cultura.guanajuato.gob.mx/wp-content/uploads/2020/06/San-Jose-y-el-Niño-Atribuido-199x300.jpg

San-Jose-y-el-Niño-Atribuido-45x45.jpg

https://cultura.guanajuato.gob.mx/wp-content/uploads/2020/06/San-Jose-y-el-Niño-Atribuido-45x45.jpg

San-Jose-y-el-Niño-Atribuido.jpg

https://cultura.guanajuato.gob.mx/wp-content/uploads/2020/06/San-Jose-y-el-Niño-Atribuido.jpg
