{"id":10600,"date":"2025-07-15T17:58:47","date_gmt":"2025-07-15T17:58:47","guid":{"rendered":"https:\/\/cultura.guanajuato.gob.mx\/?page_id=10600"},"modified":"2025-07-18T01:39:17","modified_gmt":"2025-07-18T01:39:17","slug":"agendabusquedaporrecintos","status":"publish","type":"page","link":"https:\/\/cultura.guanajuato.gob.mx\/index.php\/agendabusquedaporrecintos\/","title":{"rendered":"Agenda B\u00fasqueda por recintos"},"content":{"rendered":"<h4 style=\"text-align: center;\">B\u00fasqueda por recintos<\/h4>\n<h4 style=\"text-align: center; background-color: white; color: #000000;\"><a href=\"https:\/\/cultura.guanajuato.gob.mx\/index.php\/agendabusquedaporrecintos\/\"><br \/>\n| B\u00fasqueda por recintos |<\/a><a href=\"https:\/\/cultura.guanajuato.gob.mx\/index.php\/actividades\/\">| Regresar a la agenda |<\/a><\/h4>\n<p style=\"color: #ffffff; text-align: center;\">.<\/p>\n<h4><strong>Municipio: Guanajuato<\/strong><\/h4>\n<p>&#8211; <a href=\"https:\/\/cultura.guanajuato.gob.mx\/actividades\/etiqueta\/teatro-juarez\/\">Teatro Ju\u00e1rez<\/a><br \/>\n&#8211; <a href=\"https:\/\/cultura.guanajuato.gob.mx\/actividades\/etiqueta\/teatro-cervantes\/\">Teatro Cervantes<\/a><br \/>\n&#8211; <a href=\"https:\/\/cultura.guanajuato.gob.mx\/actividades\/etiqueta\/museo-palacio-de-los-poderes\/\">Museo Palacio de los Poderes<\/a><br \/>\n&#8211; <a href=\"https:\/\/cultura.guanajuato.gob.mx\/actividades\/etiqueta\/museo-de-arte-olga-costa-jose-chavez-morado\/\">Museo de Arte Olga Costa-Jos\u00e9 Ch\u00e1vez Morado<\/a><br \/>\n&#8211; <a href=\"https:\/\/cultura.guanajuato.gob.mx\/actividades\/etiqueta\/museo-del-pueblo-de-guanajuato\/\">Museo del Pueblo de Guanajuato<\/a><br \/>\n&#8211; <a href=\"https:\/\/cultura.guanajuato.gob.mx\/actividades\/etiqueta\/museo-casa-diego-rivera\/\">Museo Casa Diego Rivera<\/a><br \/>\n&#8211; <a href=\"https:\/\/cultura.guanajuato.gob.mx\/actividades\/etiqueta\/museo-conde-rul\/\">Museo Conde Rul<\/a><\/p>\n<h4><strong>Municipio<\/strong><strong>: Le\u00f3n<\/strong><\/h4>\n<p>&#8211; <a href=\"https:\/\/cultura.guanajuato.gob.mx\/actividades\/etiqueta\/sala-principal-del-teatro-del-bicentenario-roberto-plasencia-saldana\/\">Sala Principal del Teatro del Bicentenario Roberto Plasencia Salda\u00f1a<\/a><br \/>\n&#8211; <a href=\"https:\/\/cultura.guanajuato.gob.mx\/actividades\/etiqueta\/teatro-estudio-del-teatro-del-bicentenario-roberto-plasencia-saldana\/\">Teatro estudio del Teatro del Bicentenario Roberto Plasencia Salda\u00f1a<\/a><br \/>\n&#8211; <a href=\"https:\/\/cultura.guanajuato.gob.mx\/actividades\/etiqueta\/museo-de-arte-e-historia-de-guanajuato\/\">Museo de Arte e Historia de Guanajuato<\/a><br \/>\n&#8211; <a href=\"https:\/\/cultura.guanajuato.gob.mx\/actividades\/etiqueta\/calzada-de-las-artes-del-forum-cultural\/\">Calzada de las Artes del Forum Cultural<\/a><br \/>\n&#8211; <a href=\"https:\/\/cultura.guanajuato.gob.mx\/actividades\/etiqueta\/auditorio-mateo-herrera\/\">Auditorio Mateo Herrera<\/a><br \/>\n&#8211; <a href=\"https:\/\/cultura.guanajuato.gob.mx\/actividades\/etiqueta\/biblioteca-central-estatal\/\">Biblioteca Central Estatal<\/a><br \/>\n&#8211; <a href=\"https:\/\/cultura.guanajuato.gob.mx\/actividades\/etiqueta\/jardin-de-los-tabachines-del-forum-cultural\/\">Jard\u00edn de los Tabachines del Forum Cultural<\/a><br \/>\n&#8211; <a href=\"https:\/\/cultura.guanajuato.gob.mx\/actividades\/etiqueta\/jardin-de-las-jacarandas-del-forum-cultural\/\">Jard\u00edn de las Jacarandas del Forum Cultural<\/a><br \/>\n&#8211; <a href=\"https:\/\/cultura.guanajuato.gob.mx\/actividades\/etiqueta\/jardin-de-las-esculturas-del-mahg\/\">Jard\u00edn de las esculturas del MAHG<\/a><\/p>\n<h4><strong>Municipio<\/strong><strong>: Pur\u00edsima de Bustos<\/strong><\/h4>\n<p>&#8211; <a href=\"https:\/\/cultura.guanajuato.gob.mx\/actividades\/etiqueta\/teatro-de-la-ciudad-de-purisima\/\">Teatro de la Ciudad de Pur\u00edsima<\/a><br \/>\n&#8211; <a href=\"https:\/\/cultura.guanajuato.gob.mx\/actividades\/etiqueta\/museo-hermenegildo-bustos\/\">Museo Hermenegildo Bustos<\/a><\/p>\n<h4><strong>Municipio<\/strong><strong>: Salamanca<\/strong><\/h4>\n<p>&#8211; <a href=\"https:\/\/cultura.guanajuato.gob.mx\/index.php\/evento\/laboratorio-audiovisual-para-infancias-y-adolescencias\/\">Centro de las Artes de Guanajuato en Salamanca<\/a><\/p>\n<h4><strong>Municipio: Silao<\/strong><\/h4>\n<p>&#8211; <a href=\"https:\/\/cultura.guanajuato.gob.mx\/actividades\/etiqueta\/silao-de-la-victoria\/\">Museo Jos\u00e9 y Tom\u00e1s Ch\u00e1vez Morado<\/a><\/p>\n","protected":false},"excerpt":{"rendered":"<p>B\u00fasqueda por recintos | B\u00fasqueda por recintos || Regresar a la agenda | . Municipio: Guanajuato &#8211; Teatro Ju\u00e1rez &#8211; Teatro Cervantes &#8211; Museo Palacio de los Poderes &#8211; Museo [&hellip;]<\/p>\n","protected":false},"author":5,"featured_media":0,"parent":0,"menu_order":0,"comment_status":"closed","ping_status":"closed","template":"","meta":{"footnotes":""},"class_list":["post-10600","page","type-page","status-publish","hentry"],"_links":{"self":[{"href":"https:\/\/cultura.guanajuato.gob.mx\/index.php\/wp-json\/wp\/v2\/pages\/10600","targetHints":{"allow":["GET"]}}],"collection":[{"href":"https:\/\/cultura.guanajuato.gob.mx\/index.php\/wp-json\/wp\/v2\/pages"}],"about":[{"href":"https:\/\/cultura.guanajuato.gob.mx\/index.php\/wp-json\/wp\/v2\/types\/page"}],"author":[{"embeddable":true,"href":"https:\/\/cultura.guanajuato.gob.mx\/index.php\/wp-json\/wp\/v2\/users\/5"}],"replies":[{"embeddable":true,"href":"https:\/\/cultura.guanajuato.gob.mx\/index.php\/wp-json\/wp\/v2\/comments?post=10600"}],"version-history":[{"count":34,"href":"https:\/\/cultura.guanajuato.gob.mx\/index.php\/wp-json\/wp\/v2\/pages\/10600\/revisions"}],"predecessor-version":[{"id":10694,"href":"https:\/\/cultura.guanajuato.gob.mx\/index.php\/wp-json\/wp\/v2\/pages\/10600\/revisions\/10694"}],"wp:attachment":[{"href":"https:\/\/cultura.guanajuato.gob.mx\/index.php\/wp-json\/wp\/v2\/media?parent=10600"}],"curies":[{"name":"wp","href":"https:\/\/api.w.org\/{rel}","templated":true}]}}