{"id":1170,"date":"2017-02-09T02:31:24","date_gmt":"2017-02-09T02:31:24","guid":{"rendered":"http:\/\/cultura.guanajuato.gob.mx\/?page_id=1170"},"modified":"2018-10-22T18:06:34","modified_gmt":"2018-10-22T18:06:34","slug":"peralta","status":"publish","type":"page","link":"https:\/\/cultura.guanajuato.gob.mx\/index.php\/peralta\/","title":{"rendered":"Peralta"},"content":{"rendered":"<div class=\"wpb-content-wrapper\"><p>[vc_row][vc_column width=\u00bb2\/3&#8243;][vc_single_image image=\u00bb1171&#8243; img_size=\u00bbfull\u00bb add_caption=\u00bbyes\u00bb][\/vc_column][vc_column width=\u00bb1\/3&#8243;][vc_column_text]<\/p>\n<p style=\"text-align: justify;\">Peralta es uno de los sitios arqueol\u00f3gicos m\u00e1s grandes del estado de Guanajuato. Habitado entre los a\u00f1os 300 y 900 d.C., su monumentalidad constructiva lo ubica como uno de los seis m\u00e1s grandes asentamientos de la tradici\u00f3n El Baj\u00edo y uno de los mayores centros c\u00edvicos ceremoniales de esta porci\u00f3n de occidente mexicano.<\/p>\n<h3 style=\"text-align: justify;\">C\u00f3mo llegar a Peralta<\/h3>\n<p style=\"text-align: justify;\">Desde Irapuato, tome la carretera federal 90 con direcci\u00f3n a La Piedad. Aproximadamente a 15.5 km de Irapuato, tome la desviaci\u00f3n a la izquierda hacia Pueblo Nuevo. En la bifurcaci\u00f3n, contin\u00fae hacia Huan\u00edmaro. M\u00e1s adelante encontrar\u00e1 la se\u00f1al que indica la zona arqueol\u00f3gica a su derecha.<\/p>\n<p style=\"text-align: justify;\">O bien, saliendo de Abasolo, desde la caseta de polic\u00eda del bulevar Mariano Abasolo siga las indicaciones para llegar. Peralta se encuentra a 15 minutos de la cabecera municipal.<\/p>\n<p style=\"text-align: justify;\">Complemente su viaje visitando el centro hist\u00f3rico de Abasolo y su parroquia de la Sant\u00edsima Virgen de la Luz, o disfrutando de los famosos balnearios de la regi\u00f3n, como La Caldera y Los Pinos<em>.<\/em><\/p>\n<p style=\"text-align: justify;\">Peralta es uno de los sitios arqueol\u00f3gicos m\u00e1s grandes del estado de Guanajuato.<\/p>\n<p>[\/vc_column_text][vc_column_text]<\/p>\n<p class=\"p1\"><span class=\"s1\"><strong>Horarios de visita:\u00a0<\/strong><\/span><span class=\"s1\">Martes a Domingo:\u00a010:00\u00a0a 18:00 hrs.\u00a0<\/span>(ultimo recorrido a las 16:00 horas, ya que el recorrido dura aproximadamente una hora).<\/p>\n<p class=\"p1\"><strong>Cuotas de recuperaci\u00f3n: $<\/strong>39 para mayores de 12 a\u00f1os. $12 para mayores de 5 y menores de 12 a\u00f1os.<\/p>\n<h2 class=\"p1\">\u00a1Visitanos!<\/h2>\n<p>[\/vc_column_text][vc_column_text]<\/p>\n<h3><a href=\"https:\/\/cultura.guanajuato.gob.mx\/index.php\/zonas-arqueologicas\/\">Regresa a Zonas Arqueol\u00f3gicas &gt;<\/a><\/h3>\n<p>[\/vc_column_text][\/vc_column][\/vc_row][vc_row][vc_column][vc_gmaps link=\u00bb#E-8_JTNDaWZyYW1lJTIwc3JjJTNEJTIyaHR0cHMlM0ElMkYlMkZ3d3cuZ29vZ2xlLmNvbSUyRm1hcHMlMkZlbWJlZCUzRnBiJTNEJTIxMW0xOCUyMTFtMTIlMjExbTMlMjExZDM3MzcuODM5OTM2MDgzMzAzNyUyMTJkLTEwMS40MTgxMDM5ODQ1NTk0MSUyMTNkMjAuNDcxNzY2Mzg2MzAyNzYlMjEybTMlMjExZjAlMjEyZjAlMjEzZjAlMjEzbTIlMjExaTEwMjQlMjEyaTc2OCUyMTRmMTMuMSUyMTNtMyUyMTFtMiUyMTFzMHg4NDJjNjM5ZWFkNzdlM2MxJTI1M0EweGRjNzRkY2E5ZGNiZjA3MTklMjEyc1BlcmFsdGElMkJab25hJTJCQXJxdWVvbCUyNUMzJTI1QjNnaWNhJTIxNWUwJTIxM20yJTIxMXNlcy00MTklMjEyc214JTIxNHYxNDg2NjA3MzI0OTgyJTIyJTIwd2lkdGglM0QlMjI2MDAlMjIlMjBoZWlnaHQlM0QlMjI0NTAlMjIlMjBmcmFtZWJvcmRlciUzRCUyMjAlMjIlMjBzdHlsZSUzRCUyMmJvcmRlciUzQTAlMjIlMjBhbGxvd2Z1bGxzY3JlZW4lM0UlM0MlMkZpZnJhbWUlM0U=\u00bb][\/vc_column][\/vc_row][vc_row][vc_column width=\u00bb1\/4&#8243;][vc_wp_custommenu title=\u00bbM\u00e1s Cultura\u2026\u00bb nav_menu=\u00bb4&#8243;][\/vc_column][vc_column width=\u00bb1\/4&#8243;][vc_wp_custommenu title=\u00bbLugares de inter\u00e9s\u00bb nav_menu=\u00bb5&#8243;][\/vc_column][vc_column width=\u00bb1\/4&#8243;][\/vc_column][vc_column width=\u00bb1\/4&#8243;][\/vc_column][\/vc_row]<\/p>\n<\/div>","protected":false},"excerpt":{"rendered":"<p>[vc_row][vc_column width=\u00bb2\/3&#8243;][vc_single_image image=\u00bb1171&#8243; img_size=\u00bbfull\u00bb add_caption=\u00bbyes\u00bb][\/vc_column][vc_column width=\u00bb1\/3&#8243;][vc_column_text] Peralta es uno de los sitios arqueol\u00f3gicos m\u00e1s grandes del estado de Guanajuato. Habitado entre los a\u00f1os 300 y 900 d.C., su monumentalidad constructiva [&hellip;]<\/p>\n","protected":false},"author":4,"featured_media":0,"parent":0,"menu_order":0,"comment_status":"closed","ping_status":"closed","template":"","meta":{"footnotes":""},"class_list":["post-1170","page","type-page","status-publish","hentry"],"_links":{"self":[{"href":"https:\/\/cultura.guanajuato.gob.mx\/index.php\/wp-json\/wp\/v2\/pages\/1170","targetHints":{"allow":["GET"]}}],"collection":[{"href":"https:\/\/cultura.guanajuato.gob.mx\/index.php\/wp-json\/wp\/v2\/pages"}],"about":[{"href":"https:\/\/cultura.guanajuato.gob.mx\/index.php\/wp-json\/wp\/v2\/types\/page"}],"author":[{"embeddable":true,"href":"https:\/\/cultura.guanajuato.gob.mx\/index.php\/wp-json\/wp\/v2\/users\/4"}],"replies":[{"embeddable":true,"href":"https:\/\/cultura.guanajuato.gob.mx\/index.php\/wp-json\/wp\/v2\/comments?post=1170"}],"version-history":[{"count":6,"href":"https:\/\/cultura.guanajuato.gob.mx\/index.php\/wp-json\/wp\/v2\/pages\/1170\/revisions"}],"predecessor-version":[{"id":2895,"href":"https:\/\/cultura.guanajuato.gob.mx\/index.php\/wp-json\/wp\/v2\/pages\/1170\/revisions\/2895"}],"wp:attachment":[{"href":"https:\/\/cultura.guanajuato.gob.mx\/index.php\/wp-json\/wp\/v2\/media?parent=1170"}],"curies":[{"name":"wp","href":"https:\/\/api.w.org\/{rel}","templated":true}]}}