{"id":12077,"date":"2026-02-26T22:26:58","date_gmt":"2026-02-26T22:26:58","guid":{"rendered":"https:\/\/cultura.guanajuato.gob.mx\/?page_id=12077"},"modified":"2026-03-05T00:13:57","modified_gmt":"2026-03-05T00:13:57","slug":"agendamuseosleon","status":"publish","type":"page","link":"https:\/\/cultura.guanajuato.gob.mx\/index.php\/agendamuseosleon\/","title":{"rendered":"AgendaMuseosLeon"},"content":{"rendered":"<div class=\"wpb-content-wrapper\"><p>[vc_row][vc_column width=\u00bb1\/2&#8243;][vc_single_image image=\u00bb12318&#8243; img_size=\u00bb300&#215;100&#8243; alignment=\u00bbcenter\u00bb css=\u00bb\u00bb][\/vc_column][vc_column width=\u00bb1\/2&#8243;][vc_column_text css=\u00bb\u00bb]<strong><span style=\"color: #000000;\">JUEVES 12<\/span><\/strong><br \/>\n<strong><span style=\"color: #000000;\">INAUGURACI\u00d3N DE EXPOSICI\u00d3N TEMPORAL BAJO EL SIGNO DE SATURNO. ADIVINACI\u00d3N EN EL ARTE<\/span><\/strong><\/p>\n<p>Bajo el signo de Saturno. Adivinaci\u00f3n en el arte es un recorrido a la historia visual de las ciencias herm\u00e9ticas y adivinatorias a trav\u00e9s del arte, una invitaci\u00f3n al p\u00fablico a pensar y experimentar desde el territorio de las artes las diversas formas de comprender el universo de lo esot\u00e9rico.<\/p>\n<p>La muestra se articula en cuatro n\u00facleos tem\u00e1ticos que abordan las diversas disciplinas m\u00e1nticas titulados: Nigromancia, Clarividencia, Astrolog\u00eda, y Terror C\u00f3smico, desde la mirada de artistas como Remedios Varo, Leonora Carrington, Andr\u00e9 Bret\u00f3n, Goya, Alberto Durero, Rufino Tamayo, Pedro Friedeberg, Diego Rivera, Juan T\u00e9llez Toledo y \u00c1ngel Z\u00e1rraga.<\/p>\n<p>19:00 hrs<br \/>\nSin costo[\/vc_column_text][\/vc_column][\/vc_row][vc_row][vc_column][vc_separator color=\u00bbblue\u00bb css=\u00bb\u00bb][\/vc_column][\/vc_row][vc_row][vc_column width=\u00bb1\/2&#8243;][vc_single_image image=\u00bb11266&#8243; img_size=\u00bbfull\u00bb css=\u00bb\u00bb][\/vc_column][vc_column width=\u00bb1\/2&#8243;][vc_column_text css=\u00bb\u00bb]<strong><span style=\"color: #000000;\">JUEVES 12<\/span><\/strong><br \/>\n<strong><span style=\"color: #000000;\">INAUGURACI\u00d3N DE EXPOSICI\u00d3N TEMPORAL BAJO EL SIGNO DE SATURNO. ADIVINACI\u00d3N EN EL ARTE<\/span><\/strong><\/p>\n<p>Bajo el signo de Saturno. Adivinaci\u00f3n en el arte es un recorrido a la historia visual de las ciencias herm\u00e9ticas y adivinatorias a trav\u00e9s del arte, una invitaci\u00f3n al p\u00fablico a pensar y experimentar desde el territorio de las artes las diversas formas de comprender el universo de lo esot\u00e9rico.<\/p>\n<p>La muestra se articula en cuatro n\u00facleos tem\u00e1ticos que abordan las diversas disciplinas m\u00e1nticas titulados: Nigromancia, Clarividencia, Astrolog\u00eda, y Terror C\u00f3smico, desde la mirada de artistas como Remedios Varo, Leonora Carrington, Andr\u00e9 Bret\u00f3n, Goya, Alberto Durero, Rufino Tamayo, Pedro Friedeberg, Diego Rivera, Juan T\u00e9llez Toledo y \u00c1ngel Z\u00e1rraga.<\/p>\n<p>19:00 hrs<br \/>\nSin costo[\/vc_column_text][\/vc_column][\/vc_row][vc_row][vc_column][vc_separator color=\u00bbblue\u00bb css=\u00bb\u00bb][\/vc_column][\/vc_row]<\/p>\n<\/div>","protected":false},"excerpt":{"rendered":"<p>[vc_row][vc_column width=\u00bb1\/2&#8243;][vc_single_image image=\u00bb12318&#8243; img_size=\u00bb300&#215;100&#8243; alignment=\u00bbcenter\u00bb css=\u00bb\u00bb][\/vc_column][vc_column width=\u00bb1\/2&#8243;][vc_column_text css=\u00bb\u00bb]JUEVES 12 INAUGURACI\u00d3N DE EXPOSICI\u00d3N TEMPORAL BAJO EL SIGNO DE SATURNO. ADIVINACI\u00d3N EN EL ARTE Bajo el signo de Saturno. Adivinaci\u00f3n en el [&hellip;]<\/p>\n","protected":false},"author":5,"featured_media":0,"parent":0,"menu_order":0,"comment_status":"closed","ping_status":"closed","template":"","meta":{"footnotes":""},"class_list":["post-12077","page","type-page","status-publish","hentry"],"_links":{"self":[{"href":"https:\/\/cultura.guanajuato.gob.mx\/index.php\/wp-json\/wp\/v2\/pages\/12077","targetHints":{"allow":["GET"]}}],"collection":[{"href":"https:\/\/cultura.guanajuato.gob.mx\/index.php\/wp-json\/wp\/v2\/pages"}],"about":[{"href":"https:\/\/cultura.guanajuato.gob.mx\/index.php\/wp-json\/wp\/v2\/types\/page"}],"author":[{"embeddable":true,"href":"https:\/\/cultura.guanajuato.gob.mx\/index.php\/wp-json\/wp\/v2\/users\/5"}],"replies":[{"embeddable":true,"href":"https:\/\/cultura.guanajuato.gob.mx\/index.php\/wp-json\/wp\/v2\/comments?post=12077"}],"version-history":[{"count":47,"href":"https:\/\/cultura.guanajuato.gob.mx\/index.php\/wp-json\/wp\/v2\/pages\/12077\/revisions"}],"predecessor-version":[{"id":12323,"href":"https:\/\/cultura.guanajuato.gob.mx\/index.php\/wp-json\/wp\/v2\/pages\/12077\/revisions\/12323"}],"wp:attachment":[{"href":"https:\/\/cultura.guanajuato.gob.mx\/index.php\/wp-json\/wp\/v2\/media?parent=12077"}],"curies":[{"name":"wp","href":"https:\/\/api.w.org\/{rel}","templated":true}]}}