{"id":18,"date":"2016-09-23T20:39:02","date_gmt":"2016-09-23T20:39:02","guid":{"rendered":"http:\/\/localhost\/ingudisCom\/?page_id=18"},"modified":"2019-01-24T18:05:21","modified_gmt":"2019-01-24T18:05:21","slug":"centro-de-las-artes-de-guanajuato","status":"publish","type":"page","link":"https:\/\/cultura.guanajuato.gob.mx\/index.php\/centro-de-las-artes-de-guanajuato\/","title":{"rendered":"Centro de las Artes de Guanajuato"},"content":{"rendered":"<div class=\"wpb-content-wrapper\"><p>[vc_row][vc_column width=\u00bb1\/4&#8243;][vc_single_image image=\u00bb1140&#8243; img_size=\u00bbmedium\u00bb add_caption=\u00bbyes\u00bb][\/vc_column][vc_column width=\u00bb1\/2&#8243;][vc_column_text]<\/p>\n<div class=\"cajaborde\">\n<div class=\"cajaarriba\">\n<div class=\"cajaabajo\">\n<div id=\"info-new-int\">\n<div id=\"contenido\">\n<div class=\"mod_interior3\">\n<p class=\"texto\">El <b>Instituto Estatal de la Cultura<\/b> tiene entre sus tareas el dise\u00f1o, desarrollo y promoci\u00f3n de programas de alta calidad destinados a la formaci\u00f3n, especializaci\u00f3n y perfeccionamiento de artistas, interpretes, investigadores, promotores y especialistas en el patrimonio cultural.<\/p>\n<p>Inaugurado en el 2002, el <b>Centro de las Artes de Guanajuato<\/b>, que ocupa el Claustro Mayor del exconvento agustino Fray Juan de Sahag\u00fan en Salamanca, fue el primero de una red de siete espacios de formaci\u00f3n art\u00edstica impulsados por el Gobierno Federal, por medio del Consejo Nacional para Cultura y las Artes, en coordinaci\u00f3n con los gobiernos estatales y municipales. Fue concebido como un espacio de formaci\u00f3n-experimentaci\u00f3n-producci\u00f3n, orientado al mejoramiento de los perfiles profesionales de los creadores art\u00edsticos y de los instructores de arte de la regi\u00f3n Centro-Occidente y su operaci\u00f3n ha respondido cabalmente a esa concepci\u00f3n.<\/p>\n<p>El Centro es una instituci\u00f3n acad\u00e9mica que impulsa la profesionalizaci\u00f3n de los creadores mediante la realizaci\u00f3n de programas de desarrollo art\u00edstico de alto nivel en las \u00e1reas de instalaci\u00f3n y performance, composici\u00f3n musical, direcci\u00f3n teatral, multimedia, fotograf\u00eda y cinematograf\u00eda. El Centro privilegia los modelos acad\u00e9micos de largo aliento como tutor\u00edas, residencias y diplomados, lo que le ha permitido convertirse en un importante detonador del desarrollo art\u00edstico y cultural del estado y de la regi\u00f3n.<\/p>\n<p>Como parte de los aspectos de formaci\u00f3n-experimentaci\u00f3n-producci\u00f3n, el <b>Centro de las Artes<\/b> alienta a los integrantes de sus programas a participar en concursos y premios nacionales e internacionales como medio de evaluaci\u00f3n y proyecci\u00f3n art\u00edstica personal, mediante los cuales adquieren habilidades para incorporarse en \u00e1mbitos de competencia, que, si bien, no determinan la calidad de la obra, si les permiten confrontar su capacidad para responder art\u00edsticamente ante marcos y criterios preestablecidos.<\/p>\n<\/div>\n<\/div>\n<\/div>\n<\/div>\n<\/div>\n<\/div>\n<p>[\/vc_column_text][\/vc_column][vc_column width=\u00bb1\/4&#8243;][vc_wp_custommenu nav_menu=\u00bb2&#8243; title=\u00bbSedes\u00bb][\/vc_column][\/vc_row][vc_row][vc_column][vc_separator][vc_separator color=\u00bbwhite\u00bb][\/vc_column][\/vc_row][vc_row content_placement=\u00bbmiddle\u00bb][vc_column][vc_posts_slider count=\u00bbAll\u00bb interval=\u00bb5&#8243; slides_content=\u00bbteaser\u00bb orderby=\u00bbrand\u00bb posttypes=\u00bbpost\u00bb categories=\u00bbcentro de las artes\u00bb el_class=\u00bbrecentpostimage\u00bb][\/vc_column][\/vc_row][vc_row][vc_column width=\u00bb1\/4&#8243;][vc_wp_custommenu title=\u00bbM\u00e1s Cultura\u2026\u00bb nav_menu=\u00bb4&#8243;][\/vc_column][vc_column width=\u00bb1\/4&#8243;][\/vc_column][vc_column width=\u00bb1\/4&#8243;][\/vc_column][\/vc_row]<\/p>\n<\/div>","protected":false},"excerpt":{"rendered":"<p>[vc_row][vc_column width=\u00bb1\/4&#8243;][vc_single_image image=\u00bb1140&#8243; img_size=\u00bbmedium\u00bb add_caption=\u00bbyes\u00bb][\/vc_column][vc_column width=\u00bb1\/2&#8243;][vc_column_text] El Instituto Estatal de la Cultura tiene entre sus tareas el dise\u00f1o, desarrollo y promoci\u00f3n de programas de alta calidad destinados a la formaci\u00f3n, [&hellip;]<\/p>\n","protected":false},"author":5,"featured_media":0,"parent":0,"menu_order":0,"comment_status":"closed","ping_status":"closed","template":"","meta":{"footnotes":""},"class_list":["post-18","page","type-page","status-publish","hentry"],"_links":{"self":[{"href":"https:\/\/cultura.guanajuato.gob.mx\/index.php\/wp-json\/wp\/v2\/pages\/18","targetHints":{"allow":["GET"]}}],"collection":[{"href":"https:\/\/cultura.guanajuato.gob.mx\/index.php\/wp-json\/wp\/v2\/pages"}],"about":[{"href":"https:\/\/cultura.guanajuato.gob.mx\/index.php\/wp-json\/wp\/v2\/types\/page"}],"author":[{"embeddable":true,"href":"https:\/\/cultura.guanajuato.gob.mx\/index.php\/wp-json\/wp\/v2\/users\/5"}],"replies":[{"embeddable":true,"href":"https:\/\/cultura.guanajuato.gob.mx\/index.php\/wp-json\/wp\/v2\/comments?post=18"}],"version-history":[{"count":32,"href":"https:\/\/cultura.guanajuato.gob.mx\/index.php\/wp-json\/wp\/v2\/pages\/18\/revisions"}],"predecessor-version":[{"id":3097,"href":"https:\/\/cultura.guanajuato.gob.mx\/index.php\/wp-json\/wp\/v2\/pages\/18\/revisions\/3097"}],"wp:attachment":[{"href":"https:\/\/cultura.guanajuato.gob.mx\/index.php\/wp-json\/wp\/v2\/media?parent=18"}],"curies":[{"name":"wp","href":"https:\/\/api.w.org\/{rel}","templated":true}]}}