{"id":3699,"date":"2020-04-13T22:30:18","date_gmt":"2020-04-13T22:30:18","guid":{"rendered":"http:\/\/cultura.guanajuato.gob.mx\/?page_id=3699"},"modified":"2020-05-08T15:11:50","modified_gmt":"2020-05-08T15:11:50","slug":"activacioncreativaiec-guanajuato-desde-mi-ventana","status":"publish","type":"page","link":"https:\/\/cultura.guanajuato.gob.mx\/index.php\/activacioncreativaiec-guanajuato-desde-mi-ventana\/","title":{"rendered":"#Activaci\u00f3nCreativaIEC &#8211; Guanajuato desde mi ventana"},"content":{"rendered":"<p><a href=\"https:\/\/cultura.guanajuato.gob.mx\/index.php\/activacioncreativaiec-guanajuato-desde-mi-ventana\/slide_mi-mama-es-una-obra-de-arte\/\" rel=\"attachment wp-att-3945\"><img loading=\"lazy\" decoding=\"async\" class=\"size-full wp-image-3945 aligncenter\" src=\"https:\/\/cultura.guanajuato.gob.mx\/wp-content\/uploads\/2020\/04\/Slide_Mi-Mam\u00e1-es-una-obra-de-arte.png\" alt=\"Slide_Mi-Mam\u00e1-es-una-obra-de-arte\" width=\"780\" height=\"380\" srcset=\"https:\/\/cultura.guanajuato.gob.mx\/wp-content\/uploads\/2020\/04\/Slide_Mi-Mam\u00e1-es-una-obra-de-arte.png 780w, https:\/\/cultura.guanajuato.gob.mx\/wp-content\/uploads\/2020\/04\/Slide_Mi-Mam\u00e1-es-una-obra-de-arte-300x146.png 300w, https:\/\/cultura.guanajuato.gob.mx\/wp-content\/uploads\/2020\/04\/Slide_Mi-Mam\u00e1-es-una-obra-de-arte-768x374.png 768w\" sizes=\"auto, (max-width: 780px) 100vw, 780px\" \/><\/a><\/p>\n<p>&nbsp;<\/p>\n<p>El Instituto Estatal de la Cultura te invita a participar en su activaci\u00f3n creativa \u00abMi mam\u00e1 es una obra de arte\u00bb<\/p>\n<p><strong>Bases<\/strong><\/p>\n<p>1. Pueden participar todas y todos los guanajuatenses sin l\u00edmite de edad.<\/p>\n<p>2. Recrea de la manera m\u00e1s imaginativa y con los elementos que tengas a la mano alguna de las obras que te presentamos y que forman parte del acervo de los museos del Instituto Estatal de la Cultura.<\/p>\n<p>&nbsp;<\/p>\n\n\t\t<style type=\"text\/css\">\n\t\t\t#gallery-1 {\n\t\t\t\tmargin: auto;\n\t\t\t}\n\t\t\t#gallery-1 .gallery-item {\n\t\t\t\tfloat: left;\n\t\t\t\tmargin-top: 10px;\n\t\t\t\ttext-align: center;\n\t\t\t\twidth: 25%;\n\t\t\t}\n\t\t\t#gallery-1 img {\n\t\t\t\tborder: 2px solid #cfcfcf;\n\t\t\t}\n\t\t\t#gallery-1 .gallery-caption {\n\t\t\t\tmargin-left: 0;\n\t\t\t}\n\t\t\t\/* see gallery_shortcode() in wp-includes\/media.php *\/\n\t\t<\/style>\n\t\t<div id='gallery-1' class='gallery galleryid-3699 gallery-columns-4 gallery-size-thumbnail'><dl class='gallery-item'>\n\t\t\t<dt class='gallery-icon landscape'>\n\t\t\t\t<a href='https:\/\/cultura.guanajuato.gob.mx\/index.php\/activacioncreativaiec-guanajuato-desde-mi-ventana\/01-retrato-de-familia\/'><img loading=\"lazy\" decoding=\"async\" width=\"150\" height=\"150\" src=\"https:\/\/cultura.guanajuato.gob.mx\/wp-content\/uploads\/2020\/04\/01-Retrato-de-familia-150x150.jpg\" class=\"attachment-thumbnail size-thumbnail\" alt=\"\" srcset=\"https:\/\/cultura.guanajuato.gob.mx\/wp-content\/uploads\/2020\/04\/01-Retrato-de-familia-150x150.jpg 150w, https:\/\/cultura.guanajuato.gob.mx\/wp-content\/uploads\/2020\/04\/01-Retrato-de-familia-45x45.jpg 45w\" sizes=\"auto, (max-width: 150px) 100vw, 150px\" \/><\/a>\n\t\t\t<\/dt><\/dl><dl class='gallery-item'>\n\t\t\t<dt class='gallery-icon portrait'>\n\t\t\t\t<a href='https:\/\/cultura.guanajuato.gob.mx\/index.php\/activacioncreativaiec-guanajuato-desde-mi-ventana\/02-la-madre-andrea-gomez-2\/'><img loading=\"lazy\" decoding=\"async\" width=\"150\" height=\"150\" src=\"https:\/\/cultura.guanajuato.gob.mx\/wp-content\/uploads\/2020\/04\/02-La-madre-Andrea-Gomez-2-150x150.jpg\" class=\"attachment-thumbnail size-thumbnail\" alt=\"\" srcset=\"https:\/\/cultura.guanajuato.gob.mx\/wp-content\/uploads\/2020\/04\/02-La-madre-Andrea-Gomez-2-150x150.jpg 150w, https:\/\/cultura.guanajuato.gob.mx\/wp-content\/uploads\/2020\/04\/02-La-madre-Andrea-Gomez-2-45x45.jpg 45w\" sizes=\"auto, (max-width: 150px) 100vw, 150px\" \/><\/a>\n\t\t\t<\/dt><\/dl><dl class='gallery-item'>\n\t\t\t<dt class='gallery-icon landscape'>\n\t\t\t\t<a href='https:\/\/cultura.guanajuato.gob.mx\/index.php\/activacioncreativaiec-guanajuato-desde-mi-ventana\/03-retratando-jose-chavez\/'><img loading=\"lazy\" decoding=\"async\" width=\"150\" height=\"150\" src=\"https:\/\/cultura.guanajuato.gob.mx\/wp-content\/uploads\/2020\/04\/03-Retratando-Jose-Chavez-150x150.jpg\" class=\"attachment-thumbnail size-thumbnail\" alt=\"\" srcset=\"https:\/\/cultura.guanajuato.gob.mx\/wp-content\/uploads\/2020\/04\/03-Retratando-Jose-Chavez-150x150.jpg 150w, https:\/\/cultura.guanajuato.gob.mx\/wp-content\/uploads\/2020\/04\/03-Retratando-Jose-Chavez-45x45.jpg 45w\" sizes=\"auto, (max-width: 150px) 100vw, 150px\" \/><\/a>\n\t\t\t<\/dt><\/dl><dl class='gallery-item'>\n\t\t\t<dt class='gallery-icon portrait'>\n\t\t\t\t<a href='https:\/\/cultura.guanajuato.gob.mx\/index.php\/activacioncreativaiec-guanajuato-desde-mi-ventana\/04-imploracion-tomas-chavez\/'><img loading=\"lazy\" decoding=\"async\" width=\"150\" height=\"150\" src=\"https:\/\/cultura.guanajuato.gob.mx\/wp-content\/uploads\/2020\/04\/04-Imploracion-Tomas-Chavez-150x150.jpg\" class=\"attachment-thumbnail size-thumbnail\" alt=\"\" srcset=\"https:\/\/cultura.guanajuato.gob.mx\/wp-content\/uploads\/2020\/04\/04-Imploracion-Tomas-Chavez-150x150.jpg 150w, https:\/\/cultura.guanajuato.gob.mx\/wp-content\/uploads\/2020\/04\/04-Imploracion-Tomas-Chavez-45x45.jpg 45w\" sizes=\"auto, (max-width: 150px) 100vw, 150px\" \/><\/a>\n\t\t\t<\/dt><\/dl><br style=\"clear: both\" \/><dl class='gallery-item'>\n\t\t\t<dt class='gallery-icon portrait'>\n\t\t\t\t<a href='https:\/\/cultura.guanajuato.gob.mx\/index.php\/activacioncreativaiec-guanajuato-desde-mi-ventana\/05-madonna-garcia-guerrero-redimensionado\/'><img loading=\"lazy\" decoding=\"async\" width=\"150\" height=\"150\" src=\"https:\/\/cultura.guanajuato.gob.mx\/wp-content\/uploads\/2020\/04\/05-Madonna-Garcia-Guerrero-redimensionado-150x150.jpg\" class=\"attachment-thumbnail size-thumbnail\" alt=\"\" srcset=\"https:\/\/cultura.guanajuato.gob.mx\/wp-content\/uploads\/2020\/04\/05-Madonna-Garcia-Guerrero-redimensionado-150x150.jpg 150w, https:\/\/cultura.guanajuato.gob.mx\/wp-content\/uploads\/2020\/04\/05-Madonna-Garcia-Guerrero-redimensionado-45x45.jpg 45w\" sizes=\"auto, (max-width: 150px) 100vw, 150px\" \/><\/a>\n\t\t\t<\/dt><\/dl><dl class='gallery-item'>\n\t\t\t<dt class='gallery-icon portrait'>\n\t\t\t\t<a href='https:\/\/cultura.guanajuato.gob.mx\/index.php\/activacioncreativaiec-guanajuato-desde-mi-ventana\/06-que-viene-goya\/'><img loading=\"lazy\" decoding=\"async\" width=\"150\" height=\"150\" src=\"https:\/\/cultura.guanajuato.gob.mx\/wp-content\/uploads\/2020\/04\/06-Que-viene-Goya-150x150.jpg\" class=\"attachment-thumbnail size-thumbnail\" alt=\"\" srcset=\"https:\/\/cultura.guanajuato.gob.mx\/wp-content\/uploads\/2020\/04\/06-Que-viene-Goya-150x150.jpg 150w, https:\/\/cultura.guanajuato.gob.mx\/wp-content\/uploads\/2020\/04\/06-Que-viene-Goya-45x45.jpg 45w\" sizes=\"auto, (max-width: 150px) 100vw, 150px\" \/><\/a>\n\t\t\t<\/dt><\/dl><dl class='gallery-item'>\n\t\t\t<dt class='gallery-icon portrait'>\n\t\t\t\t<a href='https:\/\/cultura.guanajuato.gob.mx\/index.php\/activacioncreativaiec-guanajuato-desde-mi-ventana\/07-anonimo-redimensionado\/'><img loading=\"lazy\" decoding=\"async\" width=\"150\" height=\"150\" src=\"https:\/\/cultura.guanajuato.gob.mx\/wp-content\/uploads\/2020\/04\/07-Anonimo-redimensionado-150x150.jpg\" class=\"attachment-thumbnail size-thumbnail\" alt=\"\" srcset=\"https:\/\/cultura.guanajuato.gob.mx\/wp-content\/uploads\/2020\/04\/07-Anonimo-redimensionado-150x150.jpg 150w, https:\/\/cultura.guanajuato.gob.mx\/wp-content\/uploads\/2020\/04\/07-Anonimo-redimensionado-45x45.jpg 45w\" sizes=\"auto, (max-width: 150px) 100vw, 150px\" \/><\/a>\n\t\t\t<\/dt><\/dl>\n\t\t\t<br style='clear: both' \/>\n\t\t<\/div>\n\n<p>&nbsp;<\/p>\n<p><em>a. Retrato de familia. Hermenegildo Bustos<\/em><\/p>\n<p><em>b. La madre. Andrea G\u00f3mez<\/em><\/p>\n<p><em>c. Retratando a la naci\u00f3n. Jos\u00e9 Ch\u00e1vez Morado<\/em><\/p>\n<p><em>d. Imploraci\u00f3n. Tom\u00e1s Ch\u00e1vez Morado<\/em><\/p>\n<p><em>e. Madonna. Luis Garc\u00eda Guerrero<\/em><\/p>\n<p><em>f. Que viene el coco. Francisco de Goya<\/em><\/p>\n<p><em>g. An\u00f3nimo. Figura de mujer con beb\u00e9<\/em><\/p>\n<p><em>h. Mujer entre cactus. Jos\u00e9 Chavez Morado<\/em><\/p>\n<p>&nbsp;<\/p>\n<p>3. Toma una foto digital de tu recreaci\u00f3n (formato JPEG, de m\u00e1ximo 3 MB) y env\u00edala por correo electr\u00f3nico a <a href=\"mailto:gto.cultura@gmail.com\">gto.cultura@gmail.com<\/a> o post\u00e9ala como comentario \u00fanicamente en esta publicaci\u00f3n de nuestra p\u00e1gina en Facebook.<\/p>\n<p>4. Cada participante puede enviar s\u00f3lo una fotograf\u00eda.<\/p>\n<p>5. La recepci\u00f3n de fotos se cierra el <strong>viernes 8 de mayo de 2020<\/strong> a las 20:00 horas.<\/p>\n<p>6. Un jurado integrado por especialistas y colaboradores del Instituto Estatal de la Cultura elegir\u00e1 las 10 mejores fotograf\u00edas.<\/p>\n<p>7. El resultado se publicar\u00e1 en nuestras redes sociales el <strong>domingo 10\u00a0de mayo de 2020<\/strong>.<\/p>\n<p>8. Los ganadores recibir\u00e1n un reconocimiento del IEC en formato digital, y un Pase Cultural que incluye un libro de Ediciones La Rana, un acceso doble a cualquier museo del IEC, un acceso doble a una funci\u00f3n del Teatro Ju\u00e1rez (excepto eventos del Festival Internacional Cervantino) y una entrada familiar (cinco personas) a cualquier zona arqueol\u00f3gica del estado. El Pase Cultura podr\u00e1 hacerse v\u00e1lido terminada la contingencia sanitaria.<\/p>\n<p>9. Los participantes aceptan que sus trabajos puedan ser utilizados por el Instituto Estatal de la Cultura, con fines de difusi\u00f3n cultural.<\/p>\n<p><em>*Pase Cultural v\u00e1lido para los siguientes museos: Casa Diego Rivera, del Pueblo, Palacio de los Poderes, Conde Rul y Olga Costa-Jos\u00e9 Ch\u00e1vez Morado (Guanajuato); Jos\u00e9 y Tom\u00e1s Ch\u00e1vez Morado (Silao) y Hermenegildo Bustos (Pur\u00edsima del Rinc\u00f3n); as\u00ed como para las zonas arqueol\u00f3gicas: Ca\u00f1ada de la Virgen, en San Miguel de Allende; El C\u00f3poro, en Ocampo; Arroyo Seco, en Victoria; Plazuelas, en P\u00e9njamo y Peralta, en Abasolo.<\/em><\/p>\n<p><em>*No participan en esta actividad colaboradores del Instituto Estatal de la Cultura ni sus familiares directos.<\/em><\/p>\n<p>&nbsp;<\/p>\n<p>&nbsp;<\/p>\n<p><strong>ACTIVACIONES CONCLUIDAS<\/strong><\/p>\n<p><a href=\"https:\/\/cultura.guanajuato.gob.mx\/index.php\/activacioncreativaiec-guanajuato-desde-mi-ventana\/slide_dialogointerior-2\/\" rel=\"attachment wp-att-3925\"><img loading=\"lazy\" decoding=\"async\" class=\"alignnone size-full wp-image-3925\" src=\"https:\/\/cultura.guanajuato.gob.mx\/wp-content\/uploads\/2020\/04\/Slide_DialogoInterior-1.png\" alt=\"Slide_#DialogoInterior\" width=\"780\" height=\"380\" srcset=\"https:\/\/cultura.guanajuato.gob.mx\/wp-content\/uploads\/2020\/04\/Slide_DialogoInterior-1.png 780w, https:\/\/cultura.guanajuato.gob.mx\/wp-content\/uploads\/2020\/04\/Slide_DialogoInterior-1-300x146.png 300w, https:\/\/cultura.guanajuato.gob.mx\/wp-content\/uploads\/2020\/04\/Slide_DialogoInterior-1-768x374.png 768w\" sizes=\"auto, (max-width: 780px) 100vw, 780px\" \/><\/a><\/p>\n<p>El Instituto Estatal de la Cultura te invita a participar en su activaci\u00f3n creativa \u00abDi\u00e1logo Interior\u00bb<\/p>\n<p><strong>Bases<\/strong><\/p>\n<p>1. Pueden participar todas y todos los guanajuatenses sin l\u00edmite de edad.<\/p>\n<p>2. Mu\u00e9stranos c\u00f3mo vives la experiencia de quedarte en casa mediante un texto narrativo, descriptivo o po\u00e9tico de m\u00e1ximo una cuartilla de extensi\u00f3n.<\/p>\n<p>3.\u00a0Env\u00eda tu texto elaborado en cualquier procesador de palabras (Word, Open Office, Google Docs, etc.) por correo electr\u00f3nico a\u00a0<a href=\"mailto:gto.cultura@gmail.com\">gto.cultura@gmail.com<\/a><\/p>\n<p>4. S\u00f3lo se admite una participaci\u00f3n por persona.<\/p>\n<p>5. El reto inicia a partir del\u00a0<strong>27 de abril de 2020<\/strong>\u00a0y la recepci\u00f3n de textos se cierra el\u00a0<strong>s\u00e1bado 2\u00a0de mayo de 2020<\/strong>, a las 12:00 del d\u00eda.<\/p>\n<p>6. Un jurado integrado por especialistas y colaboradores del Instituto Estatal de la Cultura elegir\u00e1 los 10 mejores textos.<\/p>\n<p>7. El resultado se publicar\u00e1 en nuestras redes sociales el\u00a0<strong>lunes 4 de mayo de 2020<\/strong>.<\/p>\n<p>8. Los ganadores recibir\u00e1n un reconocimiento del IEC en formato digital, y un Pase Cultural que incluye un libro de Ediciones La Rana, un acceso doble a cualquier museo del IEC, un acceso doble a una funci\u00f3n del Teatro Ju\u00e1rez (excepto eventos del Festival Internacional Cervantino) y una entrada familiar (cinco personas) a cualquier zona arqueol\u00f3gica del estado. El Pase Cultura podr\u00e1 hacerse v\u00e1lido terminada la contingencia sanitaria.<\/p>\n<p>9. Los participantes aceptan que sus trabajos puedan ser utilizados por el Instituto Estatal de la Cultura, con fines de difusi\u00f3n cultural.<\/p>\n<p><em>*Pase Cultural v\u00e1lido para los siguientes museos: Casa Diego Rivera, del Pueblo, Palacio de los Poderes, Conde Rul y Olga Costa-Jos\u00e9 Ch\u00e1vez Morado (Guanajuato); Jos\u00e9 y Tom\u00e1s Ch\u00e1vez Morado (Silao) y Hermenegildo Bustos (Pur\u00edsima del Rinc\u00f3n); as\u00ed como para las zonas arqueol\u00f3gicas: Ca\u00f1ada de la Virgen, en San Miguel de Allende; El C\u00f3poro, en Ocampo; Arroyo Seco, en Victoria; Plazuelas, en P\u00e9njamo y Peralta, en Abasolo.<\/em><\/p>\n<p><em>*No participan en esta actividad colaboradores del Instituto Estatal de la Cultura ni sus familiares directos.<\/em><\/p>\n<p>&nbsp;<\/p>\n<p>&nbsp;<\/p>\n<p><a href=\"https:\/\/cultura.guanajuato.gob.mx\/index.php\/activacioncreativaiec-guanajuato-desde-mi-ventana\/slide_guanajuato-desde-mi-ventana\/\" rel=\"attachment wp-att-3700\"><img loading=\"lazy\" decoding=\"async\" class=\"size-full wp-image-3700 aligncenter\" src=\"https:\/\/cultura.guanajuato.gob.mx\/wp-content\/uploads\/2020\/04\/Slide_Guanajuato-desde-mi-ventana.png\" alt=\"Slide_Guanajuato-desde-mi-ventana\" width=\"780\" height=\"380\" srcset=\"https:\/\/cultura.guanajuato.gob.mx\/wp-content\/uploads\/2020\/04\/Slide_Guanajuato-desde-mi-ventana.png 780w, https:\/\/cultura.guanajuato.gob.mx\/wp-content\/uploads\/2020\/04\/Slide_Guanajuato-desde-mi-ventana-300x146.png 300w, https:\/\/cultura.guanajuato.gob.mx\/wp-content\/uploads\/2020\/04\/Slide_Guanajuato-desde-mi-ventana-768x374.png 768w\" sizes=\"auto, (max-width: 780px) 100vw, 780px\" \/><\/a><\/p>\n<p>&nbsp;<\/p>\n<p>El Instituto Estatal de la Cultura te invita a participar en su activaci\u00f3n creativa \u00abGuanajuato desde mi ventana\u00bb.<\/p>\n<p><strong>Bases<\/strong><\/p>\n<p>1. Pueden participar todas y todos los guanajuatenses sin l\u00edmite de edad.<\/p>\n<p>2. Mu\u00e9stranos c\u00f3mo ves el mundo al quedarte en casa, compartiendo una fotograf\u00eda digital (formato JPEG, de m\u00e1ximo 3 MB).<\/p>\n<p>3. Env\u00eda tu fotograf\u00eda por correo electr\u00f3nico a <a href=\"mailto:gto.cultura@gmail.com\">gto.cultura@gmail.com<\/a> y post\u00e9ala como comentario <a href=\"https:\/\/www.facebook.com\/InstitutoEstataldelaCulturadeGuanajuato\/posts\/10158487204023217\">en esta publicaci\u00f3n<\/a> de nuestra p\u00e1gina de Facebook.<\/p>\n<p>4. Cada participante puede enviar s\u00f3lo una fotograf\u00eda.<\/p>\n<p>5. La recepci\u00f3n de fotos se cierra el <strong>s\u00e1bado 18 de abril de 2020<\/strong> a las 12:00 del d\u00eda.<\/p>\n<p>6. Un jurado integrado por especialistas y colaboradores del Instituto Estatal de la Cultura elegir\u00e1 las 10 mejores fotograf\u00edas.<\/p>\n<p>7. El reto inicia a partir de la presente publicaci\u00f3n. El resultado se informar\u00e1 en nuestras redes sociales el <strong>domingo 19 de abril de 2020<\/strong>.<\/p>\n<p>8. Los ganadores recibir\u00e1n un reconocimiento del IEC en formato digital, y un <strong>Pase Cultural<\/strong> que incluye un libro de Ediciones La Rana, un acceso doble a cualquier museo del IEC, un acceso doble a una funci\u00f3n del Teatro Ju\u00e1rez (excepto eventos del Festival Internacional Cervantino) y una entrada familiar (cinco personas) a cualquier zona arqueol\u00f3gica del estado. El<strong> Pase Cultural<\/strong> podr\u00e1 hacerse v\u00e1lido terminada la contingencia sanitaria.<\/p>\n<p>9. Con el env\u00edo de sus im\u00e1genes, los participantes manifiestan estar de acuerdo en que \u00e9stas puedan ser utilizadas por el Instituto Estata de la Cultura con fines de difusi\u00f3n cultural.<\/p>\n<p><em>*Pase Cultural v\u00e1lido para los siguientes museos: Casa Diego Rivera, del Pueblo, Palacio de los Poderes, Conde Rul y Olga Costa-Jos\u00e9 Ch\u00e1vez Morado (Guanajuato); Jos\u00e9 y Tom\u00e1s Ch\u00e1vez Morado (Silao) y Hermenegildo Bustos (Pur\u00edsima del Rinc\u00f3n); as\u00ed como para las zonas arqueol\u00f3gicas: Ca\u00f1ada de la Virgen, en San Miguel de Allende; El C\u00f3poro, en Ocampo; Arroyo Seco, en Victoria; Plazuelas, en P\u00e9njamo y Peralta, en Abasolo.<\/em><\/p>\n<p><em>*No participan en esta actividad colaboradores del Instituto Estatal de la Cultura ni sus familiares directos.<\/em><\/p>\n<p>&nbsp;<\/p>\n<p><strong>Ganadores Guanajuato Desde mi Ventana<\/strong><\/p>\n<p>Mois\u00e9s E. Maldonado<br \/>\nArlett Jim\u00e9nez<br \/>\nCardenal Gallo<br \/>\nJair Cadenas<br \/>\nJuan Esteban G\u00f3mez<br \/>\nTranv\u00eda Morole\u00f3n<br \/>\nVecky Vel\u00e1zquez<br \/>\nN\u00e9stor Rold\u00e1n<br \/>\nGuadalupe Lozano<br \/>\nGeno Pi\u00f1\u00f3n.<\/p>\n<p>&nbsp;<\/p>\n<p><a href=\"https:\/\/cultura.guanajuato.gob.mx\/index.php\/activacioncreativaiec-guanajuato-desde-mi-ventana\/slide_asimeveo\/\" rel=\"attachment wp-att-3707\"><img loading=\"lazy\" decoding=\"async\" class=\"size-full wp-image-3707 aligncenter\" src=\"https:\/\/cultura.guanajuato.gob.mx\/wp-content\/uploads\/2020\/04\/Slide_As\u00edMeVeo.png\" alt=\"Slide_As\u00edMeVeo\" width=\"780\" height=\"380\" srcset=\"https:\/\/cultura.guanajuato.gob.mx\/wp-content\/uploads\/2020\/04\/Slide_As\u00edMeVeo.png 780w, https:\/\/cultura.guanajuato.gob.mx\/wp-content\/uploads\/2020\/04\/Slide_As\u00edMeVeo-300x146.png 300w, https:\/\/cultura.guanajuato.gob.mx\/wp-content\/uploads\/2020\/04\/Slide_As\u00edMeVeo-768x374.png 768w\" sizes=\"auto, (max-width: 780px) 100vw, 780px\" \/><\/a><\/p>\n<p>El Instituto Estatal de la Cultura te invita a participar en su activaci\u00f3n creativa \u00abAs\u00ed me veo\u00bb<\/p>\n<p><strong>Bases<\/strong><\/p>\n<p>1. Pueden participar todas y todos los guanajuatenses sin l\u00edmite de edad.<\/p>\n<p>2. Mu\u00e9stranos c\u00f3mo te percibes en esta etapa de quedarte en casa con un trabajo de creaci\u00f3n: dibujo, pintura, acuarela, grabado, collage, fotograf\u00eda intervenida, escultura o cualquier otro soporte (escaneado o fotografiado).<\/p>\n<p>3. Env\u00eda tu participaci\u00f3n por correo electr\u00f3nico a\u00a0<a href=\"mailto:gto.cultura@gmail.com\">gto.cultura@gmail.com<\/a>\u00a0y post\u00e9ala como comentario\u00a0<a href=\"https:\/\/www.facebook.com\/InstitutoEstataldelaCulturadeGuanajuato\/photos\/a.412123758216\/10158511079983217\">\u00fanicamente en esta publicaci\u00f3n<\/a>\u00a0de nuestra p\u00e1gina de Facebook.<\/p>\n<p>4. S\u00f3lo se admite una participaci\u00f3n por persona.<\/p>\n<p>5. El reto inicia a partir del\u00a0<strong>20 de abril de 2020<\/strong>\u00a0y la recepci\u00f3n de im\u00e1genes se cierra el\u00a0<strong>s\u00e1bado 25 de abril de 2020<\/strong>, a las 12:00 del d\u00eda.<\/p>\n<p>6. Un jurado integrado por especialistas y colaboradores del Instituto Estatal de la Cultura elegir\u00e1 las 10 mejores obras.<\/p>\n<p>7. El resultado se publicar\u00e1 en nuestras redes sociales el\u00a0<strong>domingo 26 de abril de 2020<\/strong>.<\/p>\n<p>8. Los ganadores recibir\u00e1n un reconocimiento del IEC en formato digital, y un Pase Cultural que incluye un libro de Ediciones La Rana, un acceso doble a cualquier museo del IEC, un acceso doble a una funci\u00f3n del Teatro Ju\u00e1rez (excepto eventos del Festival Internacional Cervantino) y una entrada familiar (cinco personas) a cualquier zona arqueol\u00f3gica del estado. El Pase Cultura podr\u00e1 hacerse v\u00e1lido terminada la contingencia sanitaria.<\/p>\n<p>9. Los participantes aceptan que sus trabajos puedan ser utilizados por el Instituto Estatal de la Cultura, con fines de difusi\u00f3n cultural.<\/p>\n<p><em>*Pase Cultural v\u00e1lido para los siguientes museos: Casa Diego Rivera, del Pueblo, Palacio de los Poderes, Conde Rul y Olga Costa-Jos\u00e9 Ch\u00e1vez Morado (Guanajuato); Jos\u00e9 y Tom\u00e1s Ch\u00e1vez Morado (Silao) y Hermenegildo Bustos (Pur\u00edsima del Rinc\u00f3n); as\u00ed como para las zonas arqueol\u00f3gicas: Ca\u00f1ada de la Virgen, en San Miguel de Allende; El C\u00f3poro, en Ocampo; Arroyo Seco, en Victoria; Plazuelas, en P\u00e9njamo y Peralta, en Abasolo.<\/em><\/p>\n<p><em>*No participan en esta actividad colaboradores del Instituto Estatal de la Cultura ni sus familiares directos.<\/em><\/p>\n<p><strong>Ganadores\u00a0As\u00ed me veo<\/strong><\/p>\n<p>Cristian Mota<br \/>\nEmmanuel Mart\u00ednez<br \/>\nZinah Mart\u00ednez<br \/>\nV\u00edctor Vickheg Espinosa<br \/>\nAleiram Ro<br \/>\nJulia Espinosa<br \/>\nMariana Ram\u00edrez<br \/>\nAnndrea Garc\u00eda<br \/>\nJuan Esteban G\u00f3mez<br \/>\nAlejandro Ram\u00edrez<\/p>\n<p><strong>Menci\u00f3n Especial<\/strong><br \/>\nNi\u00f1as de la Casa Hogar Santa Julia Don Bosco<\/p>\n","protected":false},"excerpt":{"rendered":"<p>&nbsp; El Instituto Estatal de la Cultura te invita a participar en su activaci\u00f3n creativa \u00abMi mam\u00e1 es una obra de arte\u00bb Bases 1. Pueden participar todas y todos los [&hellip;]<\/p>\n","protected":false},"author":5,"featured_media":0,"parent":0,"menu_order":0,"comment_status":"closed","ping_status":"closed","template":"","meta":{"footnotes":""},"class_list":["post-3699","page","type-page","status-publish","hentry"],"_links":{"self":[{"href":"https:\/\/cultura.guanajuato.gob.mx\/index.php\/wp-json\/wp\/v2\/pages\/3699","targetHints":{"allow":["GET"]}}],"collection":[{"href":"https:\/\/cultura.guanajuato.gob.mx\/index.php\/wp-json\/wp\/v2\/pages"}],"about":[{"href":"https:\/\/cultura.guanajuato.gob.mx\/index.php\/wp-json\/wp\/v2\/types\/page"}],"author":[{"embeddable":true,"href":"https:\/\/cultura.guanajuato.gob.mx\/index.php\/wp-json\/wp\/v2\/users\/5"}],"replies":[{"embeddable":true,"href":"https:\/\/cultura.guanajuato.gob.mx\/index.php\/wp-json\/wp\/v2\/comments?post=3699"}],"version-history":[{"count":8,"href":"https:\/\/cultura.guanajuato.gob.mx\/index.php\/wp-json\/wp\/v2\/pages\/3699\/revisions"}],"predecessor-version":[{"id":4009,"href":"https:\/\/cultura.guanajuato.gob.mx\/index.php\/wp-json\/wp\/v2\/pages\/3699\/revisions\/4009"}],"wp:attachment":[{"href":"https:\/\/cultura.guanajuato.gob.mx\/index.php\/wp-json\/wp\/v2\/media?parent=3699"}],"curies":[{"name":"wp","href":"https:\/\/api.w.org\/{rel}","templated":true}]}}