{"id":7,"date":"2016-09-23T20:36:55","date_gmt":"2016-09-23T20:36:55","guid":{"rendered":"http:\/\/localhost\/ingudisCom\/?page_id=7"},"modified":"2017-02-20T22:20:05","modified_gmt":"2017-02-20T22:20:05","slug":"casas_de_la_cultura","status":"publish","type":"page","link":"https:\/\/cultura.guanajuato.gob.mx\/index.php\/casas_de_la_cultura\/","title":{"rendered":"Casas de la Cultura"},"content":{"rendered":"<div class=\"wpb-content-wrapper\"><p>[vc_row][vc_column][vc_tta_tour][vc_tta_section title=\u00bbAc\u00e1mbaro\u00bb tab_id=\u00bb1487368546976-febb1bbe-2ab9&#8243;][vc_column_text]<\/p>\n<h2 class=\"p1\">Instituto Municipal de Cultura y Recreaci\u00f3n<\/h2>\n<ul>\n<li class=\"p1\">Direcci\u00f3n:\u00a0Matamoros # 3, Zona Centro, C.P. 38600<\/li>\n<li class=\"p1\">Tel\u00e9fono: \u00a0(417) 172-50-11 y<span class=\"Apple-converted-space\">\u00a0 \u00a0 <\/span>172-35-04<\/li>\n<li class=\"p1\">Responsable: \u00a0Ing. Carlos Saucedo Espinosa<\/li>\n<li class=\"p1\">Mail: \u00a0acambaroimca@hotmail.com, carlossaucedoimca@gmail.com<\/li>\n<li class=\"p1\">Horarios: Lunes a viernes, de 8:30 a 20:00 hrs. y s\u00e1bado de 9:00 a 15:00 hrs.<\/li>\n<\/ul>\n<p>[\/vc_column_text][\/vc_tta_section][vc_tta_section title=\u00bbAbasolo\u00bb tab_id=\u00bb1487368546941-3da340f8-cc07&#8243;][vc_column_text]<\/p>\n<h2 class=\"p1\">Casa de la Cultura<\/h2>\n<ul>\n<li class=\"p1\">Direcci\u00f3n:Primavera No. 104, Centro C.P. 36970<\/li>\n<li class=\"p1\">Tel\u00e9fono:(417) 172-50-11 y\u00a0 \u00a0 172-35-04<\/li>\n<li class=\"p1\">Responsable: Ing. Carlos Saucedo Espinosa<\/li>\n<li class=\"p1\">Mail: acambaroimca@hotmail.com, carlossaucedoimca@gmail.com<\/li>\n<li class=\"p1\">Horarios:Lunes a viernes, de 8:30 a 20:00 hrs. y s\u00e1bado de 9:00 a 15:00 hrs.<\/li>\n<\/ul>\n<p>[\/vc_column_text][\/vc_tta_section][vc_tta_section title=\u00bbApaseo el Alto\u00bb tab_id=\u00bb1487368619111-f925b004-ad72&#8243;][vc_column_text]<\/p>\n<h2 class=\"p1\">Direcci\u00f3n de Educaci\u00f3n y Cultura<\/h2>\n<ul>\n<li class=\"p1\">Direcci\u00f3n: Morelos # 106, Centro, C.P. 38500<\/li>\n<li class=\"p1\">Tel\u00e9fono:(413) 166-11-21<\/li>\n<li class=\"p1\">Responsable: Ing. Rub\u00e9n Quintino Director de Educaci\u00f3n y Cultura<\/li>\n<li class=\"p1\">Mail: cci_apaseo@hotmail.com<\/li>\n<li class=\"p1\">Horarios: Lunes a viernes, de 9:00 a 20:00 hrs.<\/li>\n<\/ul>\n<p>[\/vc_column_text][\/vc_tta_section][vc_tta_section title=\u00bbApaseo el Grande \u00bb tab_id=\u00bb1487368638626-c2048de6-d678&#8243;][vc_column_text]<\/p>\n<h2 class=\"p1\">Direcci\u00f3n de Educaci\u00f3n y Cultura<\/h2>\n<ul>\n<li class=\"p1\">Direcci\u00f3n: Morelos # 106, Centro, C.P. 38500<\/li>\n<li class=\"p1\">Tel\u00e9fono:(413) 166-11-21<\/li>\n<li class=\"p1\">Responsable: Ing. Rub\u00e9n Quintino Director de Educaci\u00f3n y Cultura<\/li>\n<li class=\"p1\">Mail: cci_apaseo@hotmail.com<\/li>\n<li class=\"p1\">Horarios: Lunes a viernes, de 9:00 a 20:00 hrs.<\/li>\n<\/ul>\n<p>[\/vc_column_text][\/vc_tta_section][vc_tta_section title=\u00bbAtarjea\u00bb tab_id=\u00bb1487368651064-3977437b-0567&#8243;][vc_column_text]<\/p>\n<h2 class=\"p1\">Casa de la Cultura<\/h2>\n<ul>\n<li class=\"p1\">Direcci\u00f3n:Plaza Principal S\/N, Centro, C.P. 37940<\/li>\n<li class=\"p1\">Tel\u00e9fono: 555 015-59-55 al 58<\/li>\n<li class=\"p1\">Responsable: J. Antonio Salinas Mart\u00ednez<\/li>\n<li class=\"p1\">Mail: cultura_atarjea@hotmail.com<\/li>\n<li class=\"p1\">Horarios: Lunes a viernes, de 8:00 a 16:00 hrs.<\/li>\n<\/ul>\n<p>[\/vc_column_text][\/vc_tta_section][vc_tta_section title=\u00bbCelaya \u00bb tab_id=\u00bb1487368663754-8492af24-9f31&#8243;][vc_column_text]<\/p>\n<h2 class=\"p1\">Casa de la Cultura Eduardo Tresguerras<\/h2>\n<ul>\n<li class=\"p1\">Direcci\u00f3n: Democracia #\u00a0 103 Col. Centro Ex Convento de San Agustin C.P. 38000<\/li>\n<li class=\"p1\">Tel\u00e9fono: (461) 175-4845 y 175-4846<\/li>\n<li class=\"p1\">Responsable: Dr. Antonio Chaurand Sorzano<\/li>\n<li class=\"p1\">Mail: direcciongeneralsismac@hotmail.com<\/li>\n<li class=\"p1\">Horarios: Lunes a viernes, de 9:00 a 19:00 hrs.y s\u00e1bados de 10:00 a 14:00 hrs.<\/li>\n<\/ul>\n<p>[\/vc_column_text][\/vc_tta_section][vc_tta_section title=\u00bbComonfort \u00bb tab_id=\u00bb1487368681803-402d145f-6783&#8243;][vc_column_text]<\/p>\n<h2 class=\"p1\">Casa de la Cultura Chamacuero<\/h2>\n<ul>\n<li class=\"p1\">Direcci\u00f3n: Arista # 32, Centro, C.P. 38200<\/li>\n<li class=\"p1\">Tel\u00e9fono: (412 )156-32-15<\/li>\n<li class=\"p1\">Responsable: Prof. Indalecio Salgado Uri\u00f3stegui<\/li>\n<li class=\"p1\">Mail: cccomonfort@guanajuato.gob.mx, \u00a0uriostegui.inda@hotmail.com<\/li>\n<li class=\"p1\">Horarios: Lunes a viernes, de 8:00 a 20:00 hrs.<\/li>\n<\/ul>\n<p>[\/vc_column_text][\/vc_tta_section][vc_tta_section title=\u00bbCortazar \u00bb tab_id=\u00bb1487368695965-11e43ff1-8fcd\u00bb][vc_column_text]<\/p>\n<h2 class=\"p1\">Casa de la Cultura<\/h2>\n<ul>\n<li class=\"p1\">Direcci\u00f3n: Ing. Antonio Madrazo # 602, Centro, C.P. 38300<\/li>\n<li class=\"p1\">Tel\u00e9fono: (411) 155-39-33<\/li>\n<li class=\"p1\">Responsable: Lic. Jes\u00fas Pastor Cerritos<\/li>\n<li class=\"p1\">Mail: jp_artepopularmex@yahoo.com<\/li>\n<li class=\"p1\">Horarios: Lunes a viernes, de 9:00 a 20:00 hrs<\/li>\n<\/ul>\n<p>[\/vc_column_text][\/vc_tta_section][vc_tta_section title=\u00bbCoroneo\u00bb tab_id=\u00bb1487368707742-d81f0b2f-d2e2&#8243;][vc_column_text]<\/p>\n<h2 class=\"p1\">Casa de la Cultura<\/h2>\n<ul>\n<li class=\"p1\">Direcci\u00f3n: Ing. Antonio Madrazo # 602, Centro, C.P. 38300<\/li>\n<li class=\"p1\">Tel\u00e9fono: (411) 155-39-33<\/li>\n<li class=\"p1\">Responsable: Lic. Jes\u00fas Pastor Cerritos<\/li>\n<li class=\"p1\">Mail: jp_artepopularmex@yahoo.com<\/li>\n<li class=\"p1\">Horarios: Lunes a viernes, de 9:00 a 20:00 hrs<\/li>\n<\/ul>\n<p>[\/vc_column_text][\/vc_tta_section][vc_tta_section title=\u00bbCuer\u00e1maro \u00bb tab_id=\u00bb1487369953408-415faeb5-c7bf\u00bb][vc_column_text]<\/p>\n<h2 class=\"p1\">Casa de la Cultura<\/h2>\n<ul>\n<li class=\"p1\">Direcci\u00f3n: C. Pablo Mondrag\u00f3n\u00a0 No. 131, Centro, C.P. 38590<\/li>\n<li class=\"p1\">Tel\u00e9fono: (421) 473-05-32<\/li>\n<li class=\"p1\">Responsable: Lic. Adriana Mondrag\u00f3n Soto<\/li>\n<li class=\"p1\">Mail: laculturacoroneo@hotmail.com<\/li>\n<li class=\"p1\">Horarios: Lunes a viernes, de 10:00 a 14:00 hrs. y de\u00a0 16:00 a 19:00 hrs.<\/li>\n<\/ul>\n<p>[\/vc_column_text][\/vc_tta_section][vc_tta_section title=\u00bbDoctor Mora \u00bb tab_id=\u00bb1487369971857-8acda3a1-a239&#8243;][vc_column_text]<\/p>\n<h2 class=\"p1\">Casa de la Cultura Xochiquetzal<\/h2>\n<ul>\n<li class=\"p1\">Direcci\u00f3n: Av. Guanajuato No. 8, Centro, C.P. 37960<\/li>\n<li class=\"p1\">Tel\u00e9fono: (419) 193-07-75<\/li>\n<li class=\"p1\">Responsable: Ing. Ferm\u00edn Resendiz Hern\u00e1ndez<\/li>\n<li>Mail: ferminresendizh@gmail.com, ccxochiquetzaldoctormora@hotmail.com<\/li>\n<li>Horarios: Lunes a viernes, de 9:00 a 19:00 hrs<\/li>\n<\/ul>\n<p>[\/vc_column_text][\/vc_tta_section][vc_tta_section title=\u00bbDolores Hidalgo\u00bb tab_id=\u00bb1487369994671-419653d8-c8d6&#8243;][vc_column_text]<\/p>\n<h2 class=\"p1\">Casa de la Cultura<\/h2>\n<ul>\n<li class=\"p1\">Direcci\u00f3n: Av. Universidad Tecnol\u00f3gica S\/N. Zona Centro, C.P. 37800<\/li>\n<li class=\"p1\">Tel\u00e9fono: (418) 182-06-15<\/li>\n<li class=\"p1\">Responsable: Rafael S\u00e1nchez Rodr\u00edguez<\/li>\n<li>Mail: culturadol@hotmail.com<\/li>\n<li>Horarios: Lunes a viernes, de 9:00 a 20:00 hrs.<\/li>\n<\/ul>\n<p>[\/vc_column_text][\/vc_tta_section][vc_tta_section title=\u00bbGuanajuato\u00bb tab_id=\u00bb1487370053989-7170a895-a67b\u00bb][vc_column_text]<\/p>\n<h2 class=\"p1\">Casa de la Cultura<\/h2>\n<ul>\n<li class=\"p1\">Direcci\u00f3n:5 de Mayo # 1, Centro, C.P. 36000<\/li>\n<li class=\"p1\">Tel\u00e9fono: (473) 732-7491 y 734-01-36<\/li>\n<li class=\"p1\">Responsable: Mtra. Marisela Guzm\u00e1n Garc\u00eda<\/li>\n<li>Mail: mguzman@guanajuatocapital.gob.mx<\/li>\n<li>Horarios: \u00a0Lunes a viernes, de 8:30 a 20:00 hrs.<\/li>\n<\/ul>\n<p>[\/vc_column_text][\/vc_tta_section][vc_tta_section title=\u00bbHuan\u00edmaro \u00bb tab_id=\u00bb1487370067196-3002a79c-c131&#8243;][vc_column_text]<\/p>\n<h2 class=\"p1\">Casa de Cultura Bicentenario<\/h2>\n<ul>\n<li class=\"p1\">Direcci\u00f3n: Plaza Principal S\/N Zona Centro C.P. 36970<\/li>\n<li class=\"p1\">Tel\u00e9fono: (429) 691-00-50<\/li>\n<li class=\"p1\">Responsable: Lic. Rosa Isela Ch\u00e1vez Rocha<\/li>\n<li>Mail: cultura.huanimaro@gmail.com<\/li>\n<li>Horarios: Lunes a viernes, de 9:00 a 20:00 hrs. y s\u00e1bados de 10:00 a 13:00 hrs.<\/li>\n<\/ul>\n<p>[\/vc_column_text][\/vc_tta_section][vc_tta_section title=\u00bbIrapuato \u00bb tab_id=\u00bb1487370081281-cd4176e0-122d\u00bb][vc_column_text]<\/p>\n<h2 class=\"p1\">Casa de Cultura Chinacos<\/h2>\n<ul>\n<li class=\"p1\">Direcci\u00f3n: Calzada de Los Chinacos S\/N Colonia Viveros<\/li>\n<li class=\"p1\">Tel\u00e9fono: (462) 624-16- 44<\/li>\n<li class=\"p1\">Responsable:Arqlogo. Federico Vargas Somoza Director del IMCAR<\/li>\n<li>Mail:\u00a0federicovargasfotografo@gmail.com<\/li>\n<li>Horarios: Lunes a viernes, de 10:00 a 14:00 hrs. y de 16:00 a 20:00 hrs.<\/li>\n<\/ul>\n<p>[\/vc_column_text][\/vc_tta_section][vc_tta_section title=\u00bbJaral del Progreso \u00bb tab_id=\u00bb1487370093063-47d3e1c4-175c\u00bb][vc_column_text]<\/p>\n<h2 class=\"p1\">Casa de Cultura<\/h2>\n<ul>\n<li class=\"p1\">Direcci\u00f3n: Ma\u00edz # 209, Centro, C.P. 38470<\/li>\n<li class=\"p1\">Tel\u00e9fono: (411) 661-01-45\u00a0 \u00a0 \u00a0 Ext. 106<\/li>\n<li class=\"p1\">Responsable: \u00a0Lic. C\u00e9sar Alejandro Rojas Yerena<\/li>\n<li>Mail: casaculturajp@jaralgto.gob.mx<\/li>\n<li>Horarios: Lunes a viernes, de 8:30 a 20:00 hrs.<\/li>\n<\/ul>\n<p>[\/vc_column_text][\/vc_tta_section][vc_tta_section title=\u00bbJer\u00e9cuaro\u00bb tab_id=\u00bb1487370117518-f9bfaf87-f278&#8243;][vc_column_text]<\/p>\n<h2 class=\"p1\">Casa de Cultura<\/h2>\n<ul>\n<li class=\"p1\">Direcci\u00f3n: Fray \u00c1ngel Ju\u00e1rez # 7, Centro, C.P. 38540<\/li>\n<li class=\"p1\">Tel\u00e9fono: (421) 476-12-30<\/li>\n<li class=\"p1\">Responsable: \u00a0Lic. Rodrigo Vega Castro<\/li>\n<li>Mail:\u00a0ccjerecuaro@guanajuato.gob.mx<\/li>\n<li>Horarios: Lunes a viernes, de 8:00 a 21:00 hrs. y s\u00e1bados de 9:00 a 13:00 hrs.<\/li>\n<\/ul>\n<p>[\/vc_column_text][\/vc_tta_section][vc_tta_section title=\u00bbLe\u00f3n \u00bb tab_id=\u00bb1487370861128-13e93671-32de\u00bb][vc_column_text]<\/p>\n<h2 class=\"p1\">ICL<\/h2>\n<ul>\n<li class=\"p1\">Direcci\u00f3n: Edificio Juan N. Herrera S\/N, Plaza Benedicto 16, Centro, C.P. 3700<\/li>\n<li class=\"p1\">Tel\u00e9fono: (477) 716-43-01 y 716-48-99<\/li>\n<li class=\"p1\">Responsable: Arq. Carlos Mar\u00eda Flores Riveira<\/li>\n<li>Mail: direcciongeneralicl@hotmail.com<\/li>\n<li>Horarios: Lunes a vienes, de 9:00 a 16:00 hrs.<\/li>\n<\/ul>\n<h2 class=\"p1\">Casa de la Cultura Diego Rivera<\/h2>\n<ul>\n<li class=\"p1\">Direcci\u00f3n: Plaza Fundadores S\/N, Portal Delicias C.P. 37000<\/li>\n<li class=\"p1\">Tel\u00e9fono: (477) 714-33-50 y (477) 716-98-65<\/li>\n<li class=\"p1\">Responsable: Lic. M\u00f3nica Ponce Dur\u00e1n<\/li>\n<li>Mail: casaculturaleon@hotmail.com<\/li>\n<li>Horarios: Lunes a viernes, de 9:00 a 20:00 hrs. y s\u00e1bados de 9:00 a 13:00 hrs.<\/li>\n<\/ul>\n<h2 class=\"p1\">Casa de la Cultura Efr\u00e9n Hern\u00e1ndez<\/h2>\n<ul>\n<li class=\"p1\">Direcci\u00f3n: Monte de las Cruces Esq. Luna, Fraccionamiento Hidalgo<\/li>\n<li class=\"p1\">Tel\u00e9fono: (477) 796-334<\/li>\n<li class=\"p1\">Responsable: Jos\u00e9 Trujillo Serrano<\/li>\n<li>Mail: ccefrenhernandez.icl@hotmail.com<\/li>\n<li>Horarios: Lunes a viernes, de 9:00 a 20:00 hrs. y s\u00e1bados de 9:00 a 13:00 hrs<\/li>\n<\/ul>\n<p>[\/vc_column_text][\/vc_tta_section][vc_tta_section title=\u00bbManuel Doblado\u00bb tab_id=\u00bb1487370874357-dd5c2ecf-88a5&#8243;][vc_column_text]<\/p>\n<h2 class=\"p1\">Casa de la Cultura Manuel Torres Franco<\/h2>\n<ul>\n<li class=\"p1\">Direcci\u00f3n: Calle Obreg\u00f3n No. 102, Centro, CP 36470<\/li>\n<li class=\"p1\">Tel\u00e9fono: (432) 744-01-50<\/li>\n<li class=\"p1\">Responsable: Ing. Melchor Ru\u00edz Gonz\u00e1lez<\/li>\n<li>Mail:\u00a0melchorruiz.gonzalez@gmail.com, casculturamd2015@hotmail.com<\/li>\n<li>Horarios: \u00a0Lunes a mi\u00e9rcoles de 9:00 a 21:00; jueves y viernes de 9:00 a 22:00; s\u00e1bado y domingo de 9:00 a 14:00 hrs.<\/li>\n<\/ul>\n<p>[\/vc_column_text][\/vc_tta_section][vc_tta_section title=\u00bbMorole\u00f3n\u00bb tab_id=\u00bb1487370887301-200c57ee-cf30&#8243;][vc_column_text]<\/p>\n<h2 class=\"p1\">Casa de la Cultura Manuel Torres Franco<\/h2>\n<ul>\n<li class=\"p1\">Direcci\u00f3n: Calle Obreg\u00f3n No. 102, Centro, CP 36470<\/li>\n<li class=\"p1\">Tel\u00e9fono: (432) 744-01-50<\/li>\n<li class=\"p1\">Responsable: Ing. Melchor Ru\u00edz Gonz\u00e1lez<\/li>\n<li>Mail:\u00a0melchorruiz.gonzalez@gmail.com, casculturamd2015@hotmail.com<\/li>\n<li>Horarios: \u00a0Lunes a mi\u00e9rcoles de 9:00 a 21:00; jueves y viernes de 9:00 a 22:00; s\u00e1bado y domingo de 9:00 a 14:00 hrs.<\/li>\n<\/ul>\n<p>[\/vc_column_text][\/vc_tta_section][vc_tta_section title=\u00bbOcampo \u00bb tab_id=\u00bb1487370926240-224a22a6-03a2&#8243;][\/vc_tta_section][vc_tta_section title=\u00bbP\u00e9njamo \u00bb tab_id=\u00bb1487370954360-8cf279ad-8e43&#8243;][\/vc_tta_section][vc_tta_section title=\u00bbPur\u00edsima del Rinc\u00f3n\u00bb tab_id=\u00bb1487370973348-7afbd44c-7bc7&#8243;][\/vc_tta_section][vc_tta_section title=\u00bbRomita \u00bb tab_id=\u00bb1487370985047-f690fd37-6528&#8243;][\/vc_tta_section][vc_tta_section title=\u00bbSalamanca\u00bb tab_id=\u00bb1487370996201-25e284b5-6a97&#8243;][\/vc_tta_section][vc_tta_section title=\u00bbSalvatierra\u00bb tab_id=\u00bb1487371015080-9f78d891-0a8c\u00bb][\/vc_tta_section][vc_tta_section title=\u00bbSantiago Maravat\u00edo \u00bb tab_id=\u00bb1487371028095-7c10cc09-8136&#8243;][\/vc_tta_section][vc_tta_section title=\u00bbSan Diego de la Uni\u00f3n \u00bb tab_id=\u00bb1487371039756-213ed982-9096&#8243;][\/vc_tta_section][vc_tta_section title=\u00bbSan Felipe\u00bb tab_id=\u00bb1487371052778-7269caf2-0a2a\u00bb][\/vc_tta_section][vc_tta_section title=\u00bbSan Francisco del Rinc\u00f3n\u00bb tab_id=\u00bb1487371063293-944f3e91-f9fa\u00bb][\/vc_tta_section][vc_tta_section title=\u00bbSan Luis de la Paz \u00bb tab_id=\u00bb1487371075316-9bea1ac7-a215&#8243;][\/vc_tta_section][vc_tta_section title=\u00bbSan Jos\u00e9 Iturbide\u00bb tab_id=\u00bb1487371089548-d127c4c4-da33&#8243;][\/vc_tta_section][vc_tta_section title=\u00bbSan Miguel de Allende\u00bb tab_id=\u00bb1487371102237-9c048463-3c79&#8243;][\/vc_tta_section][vc_tta_section title=\u00bbSanta Catarina\u00bb tab_id=\u00bb1487371118108-2cc6236a-b9d4&#8243;][\/vc_tta_section][vc_tta_section title=\u00bbSanta Cruz de Juventino Rosas \u00bb tab_id=\u00bb1487371129294-10170cbb-4f33&#8243;][\/vc_tta_section][vc_tta_section title=\u00bbSilao \u00bb tab_id=\u00bb1487371140822-8e97f6c3-3364&#8243;][\/vc_tta_section][vc_tta_section title=\u00bbTarandacuao\u00bb tab_id=\u00bb1487371151082-f40afdca-449d\u00bb][\/vc_tta_section][vc_tta_section title=\u00bbTarimoro \u00bb tab_id=\u00bb1487371161466-0dba3348-6012&#8243;][\/vc_tta_section][vc_tta_section title=\u00bbTierra Blanca\u00bb tab_id=\u00bb1487371174566-7c5d98bd-7cf8&#8243;][\/vc_tta_section][vc_tta_section title=\u00bbUriangato\u00bb tab_id=\u00bb1487371188077-523ad642-476f\u00bb][\/vc_tta_section][vc_tta_section title=\u00bbValle de Santiago\u00bb tab_id=\u00bb1487371199423-81a68168-9583&#8243;][\/vc_tta_section][vc_tta_section title=\u00bbVictoria\u00bb tab_id=\u00bb1487371211320-1ac0dfee-64ee\u00bb][\/vc_tta_section][vc_tta_section title=\u00bbVillagr\u00e1n \u00bb tab_id=\u00bb1487371221759-8e1c50ca-9b15&#8243;][\/vc_tta_section][vc_tta_section title=\u00bbXich\u00fa\u00bb tab_id=\u00bb1487371237938-69a2eab6-0414&#8243;][\/vc_tta_section][vc_tta_section title=\u00bbYuririra\u00bb tab_id=\u00bb1487371248579-407fcec1-9b1b\u00bb][\/vc_tta_section][\/vc_tta_tour][\/vc_column][\/vc_row][vc_row][vc_column width=\u00bb1\/4&#8243;][vc_wp_custommenu title=\u00bbM\u00e1s Cultura\u2026\u00bb nav_menu=\u00bb4&#8243;][\/vc_column][vc_column width=\u00bb1\/4&#8243;][vc_wp_custommenu title=\u00bbLugares de inter\u00e9s\u00bb nav_menu=\u00bb5&#8243;][\/vc_column][vc_column width=\u00bb1\/4&#8243;][vc_wp_custommenu nav_menu=\u00bb2&#8243;][\/vc_column][vc_column width=\u00bb1\/4&#8243;][\/vc_column][\/vc_row]<\/p>\n<\/div>","protected":false},"excerpt":{"rendered":"<p>[vc_row][vc_column][vc_tta_tour][vc_tta_section title=\u00bbAc\u00e1mbaro\u00bb tab_id=\u00bb1487368546976-febb1bbe-2ab9&#8243;][vc_column_text] Instituto Municipal de Cultura y Recreaci\u00f3n Direcci\u00f3n:\u00a0Matamoros # 3, Zona Centro, C.P. 38600 Tel\u00e9fono: \u00a0(417) 172-50-11 y\u00a0 \u00a0 172-35-04 Responsable: \u00a0Ing. Carlos Saucedo Espinosa Mail: \u00a0acambaroimca@hotmail.com, carlossaucedoimca@gmail.com [&hellip;]<\/p>\n","protected":false},"author":5,"featured_media":0,"parent":0,"menu_order":0,"comment_status":"closed","ping_status":"closed","template":"","meta":{"footnotes":""},"class_list":["post-7","page","type-page","status-publish","hentry"],"_links":{"self":[{"href":"https:\/\/cultura.guanajuato.gob.mx\/index.php\/wp-json\/wp\/v2\/pages\/7","targetHints":{"allow":["GET"]}}],"collection":[{"href":"https:\/\/cultura.guanajuato.gob.mx\/index.php\/wp-json\/wp\/v2\/pages"}],"about":[{"href":"https:\/\/cultura.guanajuato.gob.mx\/index.php\/wp-json\/wp\/v2\/types\/page"}],"author":[{"embeddable":true,"href":"https:\/\/cultura.guanajuato.gob.mx\/index.php\/wp-json\/wp\/v2\/users\/5"}],"replies":[{"embeddable":true,"href":"https:\/\/cultura.guanajuato.gob.mx\/index.php\/wp-json\/wp\/v2\/comments?post=7"}],"version-history":[{"count":43,"href":"https:\/\/cultura.guanajuato.gob.mx\/index.php\/wp-json\/wp\/v2\/pages\/7\/revisions"}],"predecessor-version":[{"id":4061,"href":"https:\/\/cultura.guanajuato.gob.mx\/index.php\/wp-json\/wp\/v2\/pages\/7\/revisions\/4061"}],"wp:attachment":[{"href":"https:\/\/cultura.guanajuato.gob.mx\/index.php\/wp-json\/wp\/v2\/media?parent=7"}],"curies":[{"name":"wp","href":"https:\/\/api.w.org\/{rel}","templated":true}]}}