{"id":979,"date":"2017-01-30T15:52:32","date_gmt":"2017-01-30T15:52:32","guid":{"rendered":"http:\/\/cultura.guanajuato.gob.mx\/?page_id=979"},"modified":"2018-10-22T18:27:04","modified_gmt":"2018-10-22T18:27:04","slug":"museo-del-pueblo-de-guanajuato","status":"publish","type":"page","link":"https:\/\/cultura.guanajuato.gob.mx\/index.php\/museos-del-estado\/museo-del-pueblo-de-guanajuato\/","title":{"rendered":"Museo del Pueblo de Guanajuato"},"content":{"rendered":"<div class=\"wpb-content-wrapper\"><p>[vc_row][vc_column width=\u00bb1\/4&#8243;][vc_single_image image=\u00bb1231&#8243; img_size=\u00bbmedium\u00bb add_caption=\u00bbyes\u00bb][vc_gmaps link=\u00bb#E-8_JTNDaWZyYW1lJTIwc3JjJTNEJTIyaHR0cHMlM0ElMkYlMkZ3d3cuZ29vZ2xlLmNvbSUyRm1hcHMlMkZlbWJlZCUzRnBiJTNEJTIxMW0xNCUyMTFtOCUyMTFtMyUyMTFkMTQ4OTcuNTQ0MDY2NjQyNzklMjEyZC0xMDEuMjUzOTk1NCUyMTNkMjEuMDE3MjM1MSUyMTNtMiUyMTFpMTAyNCUyMTJpNzY4JTIxNGYxMy4xJTIxM20zJTIxMW0yJTIxMXMweDAlMjUzQTB4YTJhN2UxMzk3NDVlMWFlYiUyMTJzTXVzZW8lMkJkZWwlMkJQdWVibG8lMkJkZSUyQkd1YW5hanVhdG8lMjE1ZTAlMjEzbTIlMjExc2VzJTIxMnNteCUyMTR2MTU0MDIzMjczMTM2MSUyMiUyMHdpZHRoJTNEJTIyNjAwJTIyJTIwaGVpZ2h0JTNEJTIyNDUwJTIyJTIwZnJhbWVib3JkZXIlM0QlMjIwJTIyJTIwc3R5bGUlM0QlMjJib3JkZXIlM0EwJTIyJTIwYWxsb3dmdWxsc2NyZWVuJTNFJTNDJTJGaWZyYW1lJTNF\u00bb][\/vc_column][vc_column width=\u00bb1\/2&#8243;][vc_column_text]<\/p>\n<p class=\"p1\" style=\"text-align: justify;\"><span class=\"s1\">Ubicado en la antigua y bell\u00edsima casa del Marqu\u00e9s de Rayas, se abre como museo en el a\u00f1o de 1979 albergando desde entonces las mejores expresiones de la cultura popular; destaca entre su acervo una importante colecci\u00f3n de miniaturas, piezas arqueol\u00f3gicas, pintura virreinal y objetos varios que testimonian la riqueza hist\u00f3rica y art\u00edstica del estado de Guanajuato.<\/span><\/p>\n<h3 class=\"p1\" style=\"text-align: justify;\"><span class=\"s1\">Colecci\u00f3n Permanente<\/span><\/h3>\n<p class=\"p1\" style=\"text-align: justify;\"><span class=\"s1\" style=\"color: #00a4dc;\">Sala Teresa Pomar<\/span><\/p>\n<p class=\"p1\" style=\"text-align: justify;\"><span class=\"s1\">Muestra una colecci\u00f3n de artesan\u00edas y de juguetes en miniatura, elaborados con distintos materiales como hoja de ma\u00edz, madera, hueso, barro, tela, palma, alambre, plomo, entre otros materiales. sorprende el minucioso detalle de estas piezas elaboradas con absoluta destreza por manos de artesanos mexicanos.<\/span><\/p>\n<p class=\"p1\" style=\"text-align: justify;\"><span class=\"s1\" style=\"color: #00a4dc;\">Sala Jos\u00e9 Ch\u00e1vez Morado<\/span><\/p>\n<p class=\"p1\" style=\"text-align: justify;\"><span class=\"s1\">En esta sala se encuentra la obra permanente del Museo, donde se exhiben obras religiosas de los siglos XVII y XVIII, as\u00ed como retratos costumbristas entre los que destacan los realizados por Hermenegildo Bustos, pintor autodidacta de extraordinaria factura quien fuera conocido como \u201cPintor del alma de un pueblo\u201d.<\/span><\/p>\n<p class=\"p1\" style=\"text-align: justify;\"><span class=\"s1\" style=\"color: #00a4dc;\">Capilla Barroca<\/span><\/p>\n<p class=\"p1\" style=\"text-align: justify;\"><span class=\"s1\">Bell\u00edsimo recinto construido en el a\u00f1o de 1775 por el primer Marqu\u00e9s de Rayas Vicente Manuel de Sardaneta y Legaspi; Destaca la elaborada portada de la capilla, autor\u00eda de Felipe de Ure\u00f1a a quien tambi\u00e9n se atribuye el espl\u00e9ndido retablo estofado que originalmente ocupaba el presbiterio.<\/span><\/p>\n<p class=\"p1\" style=\"text-align: justify;\"><span class=\"s1\">Actualmente, la capilla ostenta un extraordinario mural realizado por el Maestro Jos\u00e9 Ch\u00e1vez Morado, titulado \u201cTr\u00edptico Guanajuatense\u201d que recrea pasajes de la vida virreinal hasta la del M\u00e9xico independiente.<\/span><\/p>\n<p class=\"p1\" style=\"text-align: justify;\"><span class=\"s1\">En este espacio es posible disfrutar durante todo el a\u00f1o la programaci\u00f3n de conciertos y conferencias.<\/span><\/p>\n<p class=\"p1\" style=\"text-align: justify;\"><span class=\"s1\" style=\"color: #00a4dc;\">Auditorio Olga Costa<\/span><\/p>\n<p class=\"p1\" style=\"text-align: justify;\"><span class=\"s1\">Sala destinada al montaje de exposiciones temporales donde tiene cabida la obra de importantes artistas nacionales e internacionales.<\/span><\/p>\n<p class=\"p1\" style=\"text-align: justify;\"><span class=\"s1\" style=\"color: #00a4dc;\">Sala David Alfaro Siqueiros<\/span><\/p>\n<p class=\"p1\" style=\"text-align: justify;\"><span class=\"s1\">Sala destinada al montaje de exposiciones temporales donde tiene cabida la obra de importantes artistas nacionales e internacionales.<\/span><\/p>\n<h3 class=\"p1\" style=\"text-align: justify;\"><span class=\"s1\">Direcci\u00f3n:<\/span><\/h3>\n<p class=\"p1\" style=\"text-align: justify;\"><span class=\"s1\">Positos No. 7, Guanajuato, Gto.<\/span><\/p>\n<p class=\"p1\" style=\"text-align: justify;\"><span class=\"s1\">Tel. y Fax.01 (473) 7 32 29 90 <\/span><\/p>\n<p class=\"p1\" style=\"text-align: justify;\"><span class=\"s1\">HORARIOS: Martes a S\u00e1bado: 10:00 a 19:00 hrs.<\/span><\/p>\n<p class=\"p1\" style=\"text-align: justify;\"><span class=\"s1\">Domingos: 10:00 a 15:00 hrs.<\/span><\/p>\n<p class=\"p1\" style=\"text-align: justify;\">ENTRADA: $ 25.00 General \u2013 $10.00 Estudiante con credencial<\/p>\n<p>[\/vc_column_text][\/vc_column][vc_column width=\u00bb1\/4&#8243;][vc_wp_custommenu nav_menu=\u00bb2&#8243;][\/vc_column][\/vc_row][vc_row][vc_column width=\u00bb1\/4&#8243;][vc_wp_custommenu title=\u00bbOtros espacios de cultura\u00bb nav_menu=\u00bb4&#8243;][\/vc_column][vc_column width=\u00bb1\/4&#8243;][vc_wp_custommenu title=\u00bbLugares de inter\u00e9s\u00bb nav_menu=\u00bb5&#8243;][\/vc_column][vc_column width=\u00bb1\/4&#8243;][\/vc_column][vc_column width=\u00bb1\/4&#8243;][\/vc_column][\/vc_row]<\/p>\n<\/div>","protected":false},"excerpt":{"rendered":"<p>[vc_row][vc_column width=\u00bb1\/4&#8243;][vc_single_image image=\u00bb1231&#8243; img_size=\u00bbmedium\u00bb add_caption=\u00bbyes\u00bb][vc_gmaps link=\u00bb#E-8_JTNDaWZyYW1lJTIwc3JjJTNEJTIyaHR0cHMlM0ElMkYlMkZ3d3cuZ29vZ2xlLmNvbSUyRm1hcHMlMkZlbWJlZCUzRnBiJTNEJTIxMW0xNCUyMTFtOCUyMTFtMyUyMTFkMTQ4OTcuNTQ0MDY2NjQyNzklMjEyZC0xMDEuMjUzOTk1NCUyMTNkMjEuMDE3MjM1MSUyMTNtMiUyMTFpMTAyNCUyMTJpNzY4JTIxNGYxMy4xJTIxM20zJTIxMW0yJTIxMXMweDAlMjUzQTB4YTJhN2UxMzk3NDVlMWFlYiUyMTJzTXVzZW8lMkJkZWwlMkJQdWVibG8lMkJkZSUyQkd1YW5hanVhdG8lMjE1ZTAlMjEzbTIlMjExc2VzJTIxMnNteCUyMTR2MTU0MDIzMjczMTM2MSUyMiUyMHdpZHRoJTNEJTIyNjAwJTIyJTIwaGVpZ2h0JTNEJTIyNDUwJTIyJTIwZnJhbWVib3JkZXIlM0QlMjIwJTIyJTIwc3R5bGUlM0QlMjJib3JkZXIlM0EwJTIyJTIwYWxsb3dmdWxsc2NyZWVuJTNFJTNDJTJGaWZyYW1lJTNF\u00bb][\/vc_column][vc_column width=\u00bb1\/2&#8243;][vc_column_text] Ubicado en la antigua y bell\u00edsima casa del Marqu\u00e9s de Rayas, se abre como museo en el a\u00f1o de 1979 albergando desde entonces [&hellip;]<\/p>\n","protected":false},"author":5,"featured_media":986,"parent":9,"menu_order":0,"comment_status":"closed","ping_status":"closed","template":"","meta":{"footnotes":""},"class_list":["post-979","page","type-page","status-publish","hentry"],"_links":{"self":[{"href":"https:\/\/cultura.guanajuato.gob.mx\/index.php\/wp-json\/wp\/v2\/pages\/979","targetHints":{"allow":["GET"]}}],"collection":[{"href":"https:\/\/cultura.guanajuato.gob.mx\/index.php\/wp-json\/wp\/v2\/pages"}],"about":[{"href":"https:\/\/cultura.guanajuato.gob.mx\/index.php\/wp-json\/wp\/v2\/types\/page"}],"author":[{"embeddable":true,"href":"https:\/\/cultura.guanajuato.gob.mx\/index.php\/wp-json\/wp\/v2\/users\/5"}],"replies":[{"embeddable":true,"href":"https:\/\/cultura.guanajuato.gob.mx\/index.php\/wp-json\/wp\/v2\/comments?post=979"}],"version-history":[{"count":8,"href":"https:\/\/cultura.guanajuato.gob.mx\/index.php\/wp-json\/wp\/v2\/pages\/979\/revisions"}],"predecessor-version":[{"id":2905,"href":"https:\/\/cultura.guanajuato.gob.mx\/index.php\/wp-json\/wp\/v2\/pages\/979\/revisions\/2905"}],"up":[{"embeddable":true,"href":"https:\/\/cultura.guanajuato.gob.mx\/index.php\/wp-json\/wp\/v2\/pages\/9"}],"wp:featuredmedia":[{"embeddable":true,"href":"https:\/\/cultura.guanajuato.gob.mx\/index.php\/wp-json\/wp\/v2\/media\/986"}],"wp:attachment":[{"href":"https:\/\/cultura.guanajuato.gob.mx\/index.php\/wp-json\/wp\/v2\/media?parent=979"}],"curies":[{"name":"wp","href":"https:\/\/api.w.org\/{rel}","templated":true}]}}