{"id":10068,"date":"2025-07-01T19:25:30","date_gmt":"2025-07-01T19:25:30","guid":{"rendered":"https:\/\/cultura.guanajuato.gob.mx\/index.php\/evento\/concierto-de-verano-pedro-y-el-lobo-de-prokofiev\/"},"modified":"2025-07-09T16:08:33","modified_gmt":"2025-07-09T16:08:33","slug":"concierto-de-verano-pedro-y-el-lobo-de-prokofiev","status":"publish","type":"tribe_events","link":"https:\/\/cultura.guanajuato.gob.mx\/index.php\/evento\/concierto-de-verano-pedro-y-el-lobo-de-prokofiev\/","title":{"rendered":"Concierto de Verano  Pedro y el Lobo, de Prok\u00f3fiev"},"content":{"rendered":"<p>En el marco de su 25 aniversario, Fundaci\u00f3n Le\u00f3n presenta un programa integrado por el cuento sinf\u00f3nico Pedro y el lobo, de Sergei Prok\u00f3fiev, as\u00ed como una selecci\u00f3n de rondas tradicionales infantiles.<\/p>\n<p>Una experiencia musical que invita a dejar volar la imaginaci\u00f3n: a trav\u00e9s de los instrumentos, exploraremos la entra\u00f1able historia de Pedro y su singular encuentro con el lobo. Adem\u00e1s, haremos un viaje a la infancia, donde el juego y la fantas\u00eda eran parte de cada d\u00eda, reviviendo la magia de las rondas infantiles que marcaron generaciones.<\/p>\n<p>Acceso gratuito con boleto. Los boletos ser\u00e1n entregados el s\u00e1bado 12 de julio en las taquillas del Teatro.  M\u00e1ximo dos boletos por persona hasta agotar localidades.<\/p>\n","protected":false},"excerpt":{"rendered":"<p>Orquestas Sinf\u00f3nicas y Coros de Fundaci\u00f3n Le\u00f3nMois\u00e9s Mata Pi\u00f1a, director art\u00edstico <\/p>\n","protected":false},"author":5,"featured_media":10492,"template":"","meta":{"_tribe_events_status":"","_tribe_events_status_reason":"","footnotes":""},"tags":[371,241,38,362,365,386,398,351],"tribe_events_cat":[349],"class_list":["post-10068","tribe_events","type-tribe_events","status-publish","hentry","tag-forum-cultural-guanajuato","tag-leon","tag-musica","tag-sala-principal-del-teatro-del-bicentenario-roberto-plasencia-saldana","tag-semana-28","tag-semana-28-leon","tag-semana-28-sala-principal-del-teatro-del-bicentenario-roberto-plasencia-saldana","tag-sin-costo","tribe_events_cat-musica","cat_musica"],"_links":{"self":[{"href":"https:\/\/cultura.guanajuato.gob.mx\/index.php\/wp-json\/wp\/v2\/tribe_events\/10068","targetHints":{"allow":["GET"]}}],"collection":[{"href":"https:\/\/cultura.guanajuato.gob.mx\/index.php\/wp-json\/wp\/v2\/tribe_events"}],"about":[{"href":"https:\/\/cultura.guanajuato.gob.mx\/index.php\/wp-json\/wp\/v2\/types\/tribe_events"}],"author":[{"embeddable":true,"href":"https:\/\/cultura.guanajuato.gob.mx\/index.php\/wp-json\/wp\/v2\/users\/5"}],"version-history":[{"count":3,"href":"https:\/\/cultura.guanajuato.gob.mx\/index.php\/wp-json\/wp\/v2\/tribe_events\/10068\/revisions"}],"predecessor-version":[{"id":10386,"href":"https:\/\/cultura.guanajuato.gob.mx\/index.php\/wp-json\/wp\/v2\/tribe_events\/10068\/revisions\/10386"}],"wp:featuredmedia":[{"embeddable":true,"href":"https:\/\/cultura.guanajuato.gob.mx\/index.php\/wp-json\/wp\/v2\/media\/10492"}],"wp:attachment":[{"href":"https:\/\/cultura.guanajuato.gob.mx\/index.php\/wp-json\/wp\/v2\/media?parent=10068"}],"wp:term":[{"taxonomy":"post_tag","embeddable":true,"href":"https:\/\/cultura.guanajuato.gob.mx\/index.php\/wp-json\/wp\/v2\/tags?post=10068"},{"taxonomy":"tribe_events_cat","embeddable":true,"href":"https:\/\/cultura.guanajuato.gob.mx\/index.php\/wp-json\/wp\/v2\/tribe_events_cat?post=10068"}],"curies":[{"name":"wp","href":"https:\/\/api.w.org\/{rel}","templated":true}]}}

Concierto de Verano  Pedro y el Lobo, de Prokófiev

<p>En el marco de su 25 aniversario, Fundación León presenta un programa integrado por el cuento sinfónico Pedro y el lobo, de Sergei Prokófiev, así como una selección de rondas tradicionales infantiles.</p>
<p>Una experiencia musical que invita a dejar volar la imaginación: a través de los instrumentos, exploraremos la entrañable historia de Pedro y su singular encuentro con el lobo. Además, haremos un viaje a la infancia, donde el juego y la fantasía eran parte de cada día, reviviendo la magia de las rondas infantiles que marcaron generaciones.</p>
<p>Acceso gratuito con boleto. Los boletos serán entregados el sábado 12 de julio en las taquillas del Teatro.  Máximo dos boletos por persona hasta agotar localidades.</p>

<p>Orquestas Sinfónicas y Coros de Fundación LeónMoisés Mata Piña, director artístico </p>
