{"id":10274,"date":"2025-07-01T21:46:15","date_gmt":"2025-07-01T21:46:15","guid":{"rendered":"https:\/\/cultura.guanajuato.gob.mx\/index.php\/evento\/mis-vacaciones-en-la-biblioteca\/"},"modified":"2025-07-01T21:46:15","modified_gmt":"2025-07-01T21:46:15","slug":"mis-vacaciones-en-la-biblioteca","status":"publish","type":"tribe_events","link":"https:\/\/cultura.guanajuato.gob.mx\/index.php\/evento\/mis-vacaciones-en-la-biblioteca\/","title":{"rendered":"Mis vacaciones en la biblioteca"},"content":{"rendered":"<p>\u00a1Mis vacaciones en la biblioteca! Del 29 de julio al 01 de agosto y del 04 al 08 de agosto.<br \/>\nTendremos actividades para ni\u00f1as, ni\u00f1os, j\u00f3venes y personas adultas. \u00a1Una forma divertida de pasar las vacaciones en familia!<\/p>\n","protected":false},"excerpt":{"rendered":"<p>\u00a1Mis vacaciones en la biblioteca! Del 29 de julio al 01 de agosto y del 04 al 08 de agosto. Tendremos actividades para ni\u00f1as, ni\u00f1os, j\u00f3venes y personas adultas. \u00a1Una [&hellip;]<\/p>\n","protected":false},"author":5,"featured_media":10279,"template":"","meta":{"_tribe_events_status":"","_tribe_events_status_reason":"","footnotes":""},"tags":[402,371,241,464,480,479,351,48],"tribe_events_cat":[363],"class_list":["post-10274","tribe_events","type-tribe_events","status-publish","hentry","tag-biblioteca-central-estatal","tag-forum-cultural-guanajuato","tag-leon","tag-semana-31","tag-semana-31-biblioteca-central-estatal","tag-semana-31-leon","tag-sin-costo","tag-talleres","tribe_events_cat-talleres","cat_talleres"],"_links":{"self":[{"href":"https:\/\/cultura.guanajuato.gob.mx\/index.php\/wp-json\/wp\/v2\/tribe_events\/10274","targetHints":{"allow":["GET"]}}],"collection":[{"href":"https:\/\/cultura.guanajuato.gob.mx\/index.php\/wp-json\/wp\/v2\/tribe_events"}],"about":[{"href":"https:\/\/cultura.guanajuato.gob.mx\/index.php\/wp-json\/wp\/v2\/types\/tribe_events"}],"author":[{"embeddable":true,"href":"https:\/\/cultura.guanajuato.gob.mx\/index.php\/wp-json\/wp\/v2\/users\/5"}],"version-history":[{"count":0,"href":"https:\/\/cultura.guanajuato.gob.mx\/index.php\/wp-json\/wp\/v2\/tribe_events\/10274\/revisions"}],"wp:featuredmedia":[{"embeddable":true,"href":"https:\/\/cultura.guanajuato.gob.mx\/index.php\/wp-json\/wp\/v2\/media\/10279"}],"wp:attachment":[{"href":"https:\/\/cultura.guanajuato.gob.mx\/index.php\/wp-json\/wp\/v2\/media?parent=10274"}],"wp:term":[{"taxonomy":"post_tag","embeddable":true,"href":"https:\/\/cultura.guanajuato.gob.mx\/index.php\/wp-json\/wp\/v2\/tags?post=10274"},{"taxonomy":"tribe_events_cat","embeddable":true,"href":"https:\/\/cultura.guanajuato.gob.mx\/index.php\/wp-json\/wp\/v2\/tribe_events_cat?post=10274"}],"curies":[{"name":"wp","href":"https:\/\/api.w.org\/{rel}","templated":true}]}}

<p>¡Mis vacaciones en la biblioteca! Del 29 de julio al 01 de agosto y del 04 al 08 de agosto.<br />
Tendremos actividades para niñas, niños, jóvenes y personas adultas. ¡Una forma divertida de pasar las vacaciones en familia!</p>

<p>¡Mis vacaciones en la biblioteca! Del 29 de julio al 01 de agosto y del 04 al 08 de agosto. Tendremos actividades para niñas, niños, jóvenes y personas adultas. ¡Una [&hellip;]</p>
