{"id":10301,"date":"2025-07-01T22:08:01","date_gmt":"2025-07-01T22:08:01","guid":{"rendered":"https:\/\/cultura.guanajuato.gob.mx\/index.php\/evento\/noche-de-museos-virtual-cuerpos-y-contextos-blu-azcue-y-jorge-ortega\/"},"modified":"2025-07-09T16:45:52","modified_gmt":"2025-07-09T16:45:52","slug":"noche-de-museos-virtual-cuerpos-y-contextos-blu-azcue-y-jorge-ortega","status":"publish","type":"tribe_events","link":"https:\/\/cultura.guanajuato.gob.mx\/index.php\/evento\/noche-de-museos-virtual-cuerpos-y-contextos-blu-azcue-y-jorge-ortega\/","title":{"rendered":"Noche de Museos Virtual: Cuerpos y contextos. Bl\u00fa Azcu\u00e9 y Jorge Ortega."},"content":{"rendered":"<p>Recorrido virtual por la exposici\u00f3n Cuerpos y contextos.Bl\u00fa Azcu\u00e9 y Jorge Ortega<\/p>\n<p>A trav\u00e9s de Facebook: Museo de Arte e Historia de Guanajuato<\/p>\n","protected":false},"excerpt":{"rendered":"<p> Bl\u00fa Azcu\u00e9 y Jorge Ortega.<\/p>\n","protected":false},"author":5,"featured_media":10503,"template":"","meta":{"_tribe_events_status":"","_tribe_events_status_reason":"","footnotes":""},"tags":[34,357,496,464,466,497,351],"tribe_events_cat":[495],"class_list":["post-10301","tribe_events","type-tribe_events","status-publish","hentry","tag-guanajuato","tag-museo-de-arte-olga-costa-jose-chavez-morado","tag-recorrido-virtual","tag-semana-31","tag-semana-31-guanajuato","tag-semana-31-museo-de-arte-olga-costa-jose-chavez-morado","tag-sin-costo","tribe_events_cat-recorrido-virtual","cat_recorrido-virtual"],"_links":{"self":[{"href":"https:\/\/cultura.guanajuato.gob.mx\/index.php\/wp-json\/wp\/v2\/tribe_events\/10301","targetHints":{"allow":["GET"]}}],"collection":[{"href":"https:\/\/cultura.guanajuato.gob.mx\/index.php\/wp-json\/wp\/v2\/tribe_events"}],"about":[{"href":"https:\/\/cultura.guanajuato.gob.mx\/index.php\/wp-json\/wp\/v2\/types\/tribe_events"}],"author":[{"embeddable":true,"href":"https:\/\/cultura.guanajuato.gob.mx\/index.php\/wp-json\/wp\/v2\/users\/5"}],"version-history":[{"count":1,"href":"https:\/\/cultura.guanajuato.gob.mx\/index.php\/wp-json\/wp\/v2\/tribe_events\/10301\/revisions"}],"predecessor-version":[{"id":10491,"href":"https:\/\/cultura.guanajuato.gob.mx\/index.php\/wp-json\/wp\/v2\/tribe_events\/10301\/revisions\/10491"}],"wp:featuredmedia":[{"embeddable":true,"href":"https:\/\/cultura.guanajuato.gob.mx\/index.php\/wp-json\/wp\/v2\/media\/10503"}],"wp:attachment":[{"href":"https:\/\/cultura.guanajuato.gob.mx\/index.php\/wp-json\/wp\/v2\/media?parent=10301"}],"wp:term":[{"taxonomy":"post_tag","embeddable":true,"href":"https:\/\/cultura.guanajuato.gob.mx\/index.php\/wp-json\/wp\/v2\/tags?post=10301"},{"taxonomy":"tribe_events_cat","embeddable":true,"href":"https:\/\/cultura.guanajuato.gob.mx\/index.php\/wp-json\/wp\/v2\/tribe_events_cat?post=10301"}],"curies":[{"name":"wp","href":"https:\/\/api.w.org\/{rel}","templated":true}]}}

Noche de Museos Virtual: Cuerpos y contextos. Blú Azcué y Jorge Ortega.

<p>Recorrido virtual por la exposición Cuerpos y contextos.Blú Azcué y Jorge Ortega</p>
<p>A través de Facebook: Museo de Arte e Historia de Guanajuato</p>

<p> Blú Azcué y Jorge Ortega.</p>
