{"id":10789,"date":"2025-07-28T20:36:42","date_gmt":"2025-07-28T20:36:42","guid":{"rendered":"https:\/\/cultura.guanajuato.gob.mx\/index.php\/evento\/vamonos-de-vacaciones-a-los-museos-trazos-profundos-taller-de-grabado-punta-seca-4\/"},"modified":"2025-08-01T17:27:52","modified_gmt":"2025-08-01T17:27:52","slug":"vamonos-de-vacaciones-a-los-museos-trazos-profundos-taller-de-grabado-punta-seca-4","status":"publish","type":"tribe_events","link":"https:\/\/cultura.guanajuato.gob.mx\/index.php\/evento\/vamonos-de-vacaciones-a-los-museos-trazos-profundos-taller-de-grabado-punta-seca-4\/","title":{"rendered":"\u00a1V\u00e1monos de vacaciones a los museos!: \u00abTrazos profundos: taller de grabado punta seca\u00bb"},"content":{"rendered":"<p>Disfruta estas vacaciones de verano en familia participando en los talleres que hemos preparado para ti en nuestros museos. Explora distintas t\u00e9cnicas, crea obras incre\u00edbles y d\u00e9jate sorprender por las exposiciones que te esperan.<\/p>\n<p>Museo del Pueblo de Guanajuato<br \/>\nSin costo<\/p>\n","protected":false},"excerpt":{"rendered":"<p>\u00a1V\u00e1monos de vacaciones a los museos!: \u00abTrazos profundos: taller de grabado punta seca\u00bb<\/p>\n","protected":false},"author":5,"featured_media":10790,"template":"","meta":{"_tribe_events_status":"","_tribe_events_status_reason":"","footnotes":""},"tags":[34,417,464,466,526,351,48],"tribe_events_cat":[363],"class_list":["post-10789","tribe_events","type-tribe_events","status-publish","hentry","tag-guanajuato","tag-museo-del-pueblo-de-guanajuato","tag-semana-31","tag-semana-31-guanajuato","tag-semana-31-museo-del-pueblo-de-guanajuato","tag-sin-costo","tag-talleres","tribe_events_cat-talleres","cat_talleres"],"_links":{"self":[{"href":"https:\/\/cultura.guanajuato.gob.mx\/index.php\/wp-json\/wp\/v2\/tribe_events\/10789","targetHints":{"allow":["GET"]}}],"collection":[{"href":"https:\/\/cultura.guanajuato.gob.mx\/index.php\/wp-json\/wp\/v2\/tribe_events"}],"about":[{"href":"https:\/\/cultura.guanajuato.gob.mx\/index.php\/wp-json\/wp\/v2\/types\/tribe_events"}],"author":[{"embeddable":true,"href":"https:\/\/cultura.guanajuato.gob.mx\/index.php\/wp-json\/wp\/v2\/users\/5"}],"version-history":[{"count":1,"href":"https:\/\/cultura.guanajuato.gob.mx\/index.php\/wp-json\/wp\/v2\/tribe_events\/10789\/revisions"}],"predecessor-version":[{"id":11016,"href":"https:\/\/cultura.guanajuato.gob.mx\/index.php\/wp-json\/wp\/v2\/tribe_events\/10789\/revisions\/11016"}],"wp:featuredmedia":[{"embeddable":true,"href":"https:\/\/cultura.guanajuato.gob.mx\/index.php\/wp-json\/wp\/v2\/media\/10790"}],"wp:attachment":[{"href":"https:\/\/cultura.guanajuato.gob.mx\/index.php\/wp-json\/wp\/v2\/media?parent=10789"}],"wp:term":[{"taxonomy":"post_tag","embeddable":true,"href":"https:\/\/cultura.guanajuato.gob.mx\/index.php\/wp-json\/wp\/v2\/tags?post=10789"},{"taxonomy":"tribe_events_cat","embeddable":true,"href":"https:\/\/cultura.guanajuato.gob.mx\/index.php\/wp-json\/wp\/v2\/tribe_events_cat?post=10789"}],"curies":[{"name":"wp","href":"https:\/\/api.w.org\/{rel}","templated":true}]}}

¡Vámonos de vacaciones a los museos!: «Trazos profundos: taller de grabado punta seca»

<p>Disfruta estas vacaciones de verano en familia participando en los talleres que hemos preparado para ti en nuestros museos. Explora distintas técnicas, crea obras increíbles y déjate sorprender por las exposiciones que te esperan.</p>
<p>Museo del Pueblo de Guanajuato<br />
Sin costo</p>

<p>¡Vámonos de vacaciones a los museos!: «Trazos profundos: taller de grabado punta seca»</p>
