{"id":10865,"date":"2025-07-28T21:22:39","date_gmt":"2025-07-28T21:22:39","guid":{"rendered":"https:\/\/cultura.guanajuato.gob.mx\/index.php\/evento\/rabia-o-como-la-incomodidad-carcome\/"},"modified":"2025-08-06T17:44:10","modified_gmt":"2025-08-06T17:44:10","slug":"rabia-o-como-la-incomodidad-carcome","status":"publish","type":"tribe_events","link":"https:\/\/cultura.guanajuato.gob.mx\/index.php\/evento\/rabia-o-como-la-incomodidad-carcome\/","title":{"rendered":"Rabia o c\u00f3mo la incomodidad carcome"},"content":{"rendered":"<p>\u201cRabia, o de c\u00f3mo la incomodidad carcome\u201d es un proyecto esc\u00e9nico que construye nuevas narrativas y mapas en torno al concepto de v\u00edctima, con enfoque en las mujeres que han vivido violencia de g\u00e9nero en M\u00e9xico. Dos mujeres en escena chismean, ritualizan, denuncian y comparten sus testimonios, celebrando la digna rabia de alzar la voz. A trav\u00e9s del arte, transforman el dolor en fuerza colectiva, exigiendo justicia y creando un espacio seguro para acuerparnos, sanar y resistir juntas.<\/p>\n<p>Teatro Estudio del Teatro del Bicentenario Roberto Plasencia Salda\u00f1a<br \/>\nSin costo<\/p>\n","protected":false},"excerpt":{"rendered":"<p>Gitanas Teatro y \u00abRamas y Ra\u00edces\u00bb<\/p>\n","protected":false},"author":5,"featured_media":11120,"template":"","meta":{"_tribe_events_status":"","_tribe_events_status_reason":"","footnotes":""},"tags":[371,241,568,573,574,351,57,427],"tribe_events_cat":[361],"class_list":["post-10865","tribe_events","type-tribe_events","status-publish","hentry","tag-forum-cultural-guanajuato","tag-leon","tag-semana-33","tag-semana-33-leon","tag-semana-33-teatro-estudio-del-teatro-del-bicentenario-roberto-plasencia-saldana","tag-sin-costo","tag-teatro","tag-teatro-estudio-del-teatro-del-bicentenario-roberto-plasencia-saldana","tribe_events_cat-teatro","cat_teatro"],"_links":{"self":[{"href":"https:\/\/cultura.guanajuato.gob.mx\/index.php\/wp-json\/wp\/v2\/tribe_events\/10865","targetHints":{"allow":["GET"]}}],"collection":[{"href":"https:\/\/cultura.guanajuato.gob.mx\/index.php\/wp-json\/wp\/v2\/tribe_events"}],"about":[{"href":"https:\/\/cultura.guanajuato.gob.mx\/index.php\/wp-json\/wp\/v2\/types\/tribe_events"}],"author":[{"embeddable":true,"href":"https:\/\/cultura.guanajuato.gob.mx\/index.php\/wp-json\/wp\/v2\/users\/5"}],"version-history":[{"count":1,"href":"https:\/\/cultura.guanajuato.gob.mx\/index.php\/wp-json\/wp\/v2\/tribe_events\/10865\/revisions"}],"predecessor-version":[{"id":11040,"href":"https:\/\/cultura.guanajuato.gob.mx\/index.php\/wp-json\/wp\/v2\/tribe_events\/10865\/revisions\/11040"}],"wp:featuredmedia":[{"embeddable":true,"href":"https:\/\/cultura.guanajuato.gob.mx\/index.php\/wp-json\/wp\/v2\/media\/11120"}],"wp:attachment":[{"href":"https:\/\/cultura.guanajuato.gob.mx\/index.php\/wp-json\/wp\/v2\/media?parent=10865"}],"wp:term":[{"taxonomy":"post_tag","embeddable":true,"href":"https:\/\/cultura.guanajuato.gob.mx\/index.php\/wp-json\/wp\/v2\/tags?post=10865"},{"taxonomy":"tribe_events_cat","embeddable":true,"href":"https:\/\/cultura.guanajuato.gob.mx\/index.php\/wp-json\/wp\/v2\/tribe_events_cat?post=10865"}],"curies":[{"name":"wp","href":"https:\/\/api.w.org\/{rel}","templated":true}]}}

Rabia o cómo la incomodidad carcome

<p>“Rabia, o de cómo la incomodidad carcome” es un proyecto escénico que construye nuevas narrativas y mapas en torno al concepto de víctima, con enfoque en las mujeres que han vivido violencia de género en México. Dos mujeres en escena chismean, ritualizan, denuncian y comparten sus testimonios, celebrando la digna rabia de alzar la voz. A través del arte, transforman el dolor en fuerza colectiva, exigiendo justicia y creando un espacio seguro para acuerparnos, sanar y resistir juntas.</p>
<p>Teatro Estudio del Teatro del Bicentenario Roberto Plasencia Saldaña<br />
Sin costo</p>

<p>Gitanas Teatro y «Ramas y Raíces»</p>
