{"id":11150,"date":"2025-08-08T22:06:49","date_gmt":"2025-08-08T22:06:49","guid":{"rendered":"https:\/\/cultura.guanajuato.gob.mx\/?post_type=tribe_events&#038;p=11150"},"modified":"2025-08-08T22:06:49","modified_gmt":"2025-08-08T22:06:49","slug":"taller-de-narrativa-visual-el-arte-de-contar-historias-con-imagenes","status":"publish","type":"tribe_events","link":"https:\/\/cultura.guanajuato.gob.mx\/index.php\/evento\/taller-de-narrativa-visual-el-arte-de-contar-historias-con-imagenes\/","title":{"rendered":"Taller de Narrativa Visual: El Arte de Contar Historias con Im\u00e1genes"},"content":{"rendered":"<p>Imparte: \u200bFernando Varela <\/p>\n<p>Sinopsis: Explorar c\u00f3mo transmitir emociones y conceptos a trav\u00e9s de composiciones visuales, abordando el dise\u00f1o de encuadres, la direcci\u00f3n art\u00edstica y el uso de color como elementos narrativos.<\/p>\n<p>Dirigido a: Artistas visuales emergentes y creadores de contenido visual: fotograf\u00eda, ilustraci\u00f3n, dise\u00f1o gr\u00e1fico, cine y animaci\u00f3n.<\/p>\n<p>Duraci\u00f3n: 26 horas<\/p>\n<p>Fechas y horarios: Los lunes, mi\u00e9rcoles y viernes del 11 de agosto al 8 de septiembre de 2025. De 19:00 a 21:00 h<\/p>\n<p>Modalidad: \u200bVirtual<\/p>\n","protected":false},"excerpt":{"rendered":"<p>Imparte: \u200bFernando Varela Sinopsis: Explorar c\u00f3mo transmitir emociones y conceptos a trav\u00e9s de composiciones visuales, abordando el dise\u00f1o de encuadres, la direcci\u00f3n art\u00edstica y el uso de color como elementos [&hellip;]<\/p>\n","protected":false},"author":5,"featured_media":10976,"template":"","meta":{"_tribe_events_status":"","_tribe_events_status_reason":"","footnotes":""},"tags":[21,80,211,360,658,653,656,137,657],"tribe_events_cat":[363],"class_list":["post-11150","tribe_events","type-tribe_events","status-publish","hentry","tag-arte","tag-centro-de-las-artes","tag-centro-de-las-artes-de-guanajuato","tag-centro-de-las-artes-de-guanajuato-en-salamanca","tag-contar","tag-historias","tag-narrativa","tag-taller","tag-visual","tribe_events_cat-talleres","cat_talleres"],"_links":{"self":[{"href":"https:\/\/cultura.guanajuato.gob.mx\/index.php\/wp-json\/wp\/v2\/tribe_events\/11150","targetHints":{"allow":["GET"]}}],"collection":[{"href":"https:\/\/cultura.guanajuato.gob.mx\/index.php\/wp-json\/wp\/v2\/tribe_events"}],"about":[{"href":"https:\/\/cultura.guanajuato.gob.mx\/index.php\/wp-json\/wp\/v2\/types\/tribe_events"}],"author":[{"embeddable":true,"href":"https:\/\/cultura.guanajuato.gob.mx\/index.php\/wp-json\/wp\/v2\/users\/5"}],"version-history":[{"count":1,"href":"https:\/\/cultura.guanajuato.gob.mx\/index.php\/wp-json\/wp\/v2\/tribe_events\/11150\/revisions"}],"predecessor-version":[{"id":11151,"href":"https:\/\/cultura.guanajuato.gob.mx\/index.php\/wp-json\/wp\/v2\/tribe_events\/11150\/revisions\/11151"}],"wp:featuredmedia":[{"embeddable":true,"href":"https:\/\/cultura.guanajuato.gob.mx\/index.php\/wp-json\/wp\/v2\/media\/10976"}],"wp:attachment":[{"href":"https:\/\/cultura.guanajuato.gob.mx\/index.php\/wp-json\/wp\/v2\/media?parent=11150"}],"wp:term":[{"taxonomy":"post_tag","embeddable":true,"href":"https:\/\/cultura.guanajuato.gob.mx\/index.php\/wp-json\/wp\/v2\/tags?post=11150"},{"taxonomy":"tribe_events_cat","embeddable":true,"href":"https:\/\/cultura.guanajuato.gob.mx\/index.php\/wp-json\/wp\/v2\/tribe_events_cat?post=11150"}],"curies":[{"name":"wp","href":"https:\/\/api.w.org\/{rel}","templated":true}]}}

Taller de Narrativa Visual: El Arte de Contar Historias con Imágenes

<p>Imparte: ​Fernando Varela </p>
<p>Sinopsis: Explorar cómo transmitir emociones y conceptos a través de composiciones visuales, abordando el diseño de encuadres, la dirección artística y el uso de color como elementos narrativos.</p>
<p>Dirigido a: Artistas visuales emergentes y creadores de contenido visual: fotografía, ilustración, diseño gráfico, cine y animación.</p>
<p>Duración: 26 horas</p>
<p>Fechas y horarios: Los lunes, miércoles y viernes del 11 de agosto al 8 de septiembre de 2025. De 19:00 a 21:00 h</p>
<p>Modalidad: ​Virtual</p>

<p>Imparte: ​Fernando Varela Sinopsis: Explorar cómo transmitir emociones y conceptos a través de composiciones visuales, abordando el diseño de encuadres, la dirección artística y el uso de color como elementos [&hellip;]</p>
