{"id":11154,"date":"2025-08-08T22:12:33","date_gmt":"2025-08-08T22:12:33","guid":{"rendered":"https:\/\/cultura.guanajuato.gob.mx\/?post_type=tribe_events&#038;p=11154"},"modified":"2025-08-08T22:12:33","modified_gmt":"2025-08-08T22:12:33","slug":"taller-el-color-en-el-grabado","status":"publish","type":"tribe_events","link":"https:\/\/cultura.guanajuato.gob.mx\/index.php\/evento\/taller-el-color-en-el-grabado\/","title":{"rendered":"Taller: El color en el grabado"},"content":{"rendered":"<p>Imparte: \u200bGilberto Guerrero <\/p>\n<p>Sinopsis: Este taller tiene el objetivo de otorgar a las personas participantes del taller los conocimientos sobre el comportamiento de la tinta y los pigmentos utilizados en el grabado para aplicarlos a la producci\u00f3n de grabado profesional. <\/p>\n<p>Este taller se orientar\u00e1 a trabajar piezas como un homenaje a Joy Laville (Reino Unido 1923-M\u00e9xico 2018), fusionando t\u00e9cnica y sensibilidad, con estampas tributo a la artista quien, al residir y crear en M\u00e9xico, se convirti\u00f3 en una de las artistas m\u00e1s relevantes de nuestro pa\u00eds y de Guanajuato.<br \/>\nLos resultados de este taller se presentar\u00e1n como parte del programa de artes visuales del Festival Internacional Cervantino en su edici\u00f3n 53, en alineaci\u00f3n a Reino Unido como pa\u00eds invitado de honor, en una muestra tributo a Joy Laville. <\/p>\n<p>Dirigido a: Artistas visuales emergentes y con trayectoria con especializaci\u00f3n y experiencia en procesos de grabado calcogr\u00e1fico.<\/p>\n<p>Duraci\u00f3n: 40 horas<\/p>\n<p>Fechas y horarios: Los s\u00e1bados y domingos del 30 de agosto al 21 de septiembre de 2025. De 11:00 a 14:00 horas y de 15:00 a 17:00 h<\/p>\n<p>Modalidad: \u200bPresencial<\/p>\n","protected":false},"excerpt":{"rendered":"<p>Imparte: \u200bGilberto Guerrero Sinopsis: Este taller tiene el objetivo de otorgar a las personas participantes del taller los conocimientos sobre el comportamiento de la tinta y los pigmentos utilizados en [&hellip;]<\/p>\n","protected":false},"author":5,"featured_media":11155,"template":"","meta":{"_tribe_events_status":"","_tribe_events_status_reason":"","footnotes":""},"tags":[110,80,211,360,661,662,664,663,49,137],"tribe_events_cat":[363],"class_list":["post-11154","tribe_events","type-tribe_events","status-publish","hentry","tag-centro","tag-centro-de-las-artes","tag-centro-de-las-artes-de-guanajuato","tag-centro-de-las-artes-de-guanajuato-en-salamanca","tag-color","tag-grabado","tag-impresion","tag-impresos","tag-salamanca","tag-taller","tribe_events_cat-talleres","cat_talleres"],"_links":{"self":[{"href":"https:\/\/cultura.guanajuato.gob.mx\/index.php\/wp-json\/wp\/v2\/tribe_events\/11154","targetHints":{"allow":["GET"]}}],"collection":[{"href":"https:\/\/cultura.guanajuato.gob.mx\/index.php\/wp-json\/wp\/v2\/tribe_events"}],"about":[{"href":"https:\/\/cultura.guanajuato.gob.mx\/index.php\/wp-json\/wp\/v2\/types\/tribe_events"}],"author":[{"embeddable":true,"href":"https:\/\/cultura.guanajuato.gob.mx\/index.php\/wp-json\/wp\/v2\/users\/5"}],"version-history":[{"count":1,"href":"https:\/\/cultura.guanajuato.gob.mx\/index.php\/wp-json\/wp\/v2\/tribe_events\/11154\/revisions"}],"predecessor-version":[{"id":11156,"href":"https:\/\/cultura.guanajuato.gob.mx\/index.php\/wp-json\/wp\/v2\/tribe_events\/11154\/revisions\/11156"}],"wp:featuredmedia":[{"embeddable":true,"href":"https:\/\/cultura.guanajuato.gob.mx\/index.php\/wp-json\/wp\/v2\/media\/11155"}],"wp:attachment":[{"href":"https:\/\/cultura.guanajuato.gob.mx\/index.php\/wp-json\/wp\/v2\/media?parent=11154"}],"wp:term":[{"taxonomy":"post_tag","embeddable":true,"href":"https:\/\/cultura.guanajuato.gob.mx\/index.php\/wp-json\/wp\/v2\/tags?post=11154"},{"taxonomy":"tribe_events_cat","embeddable":true,"href":"https:\/\/cultura.guanajuato.gob.mx\/index.php\/wp-json\/wp\/v2\/tribe_events_cat?post=11154"}],"curies":[{"name":"wp","href":"https:\/\/api.w.org\/{rel}","templated":true}]}}

<p>Imparte: ​Gilberto Guerrero </p>
<p>Sinopsis: Este taller tiene el objetivo de otorgar a las personas participantes del taller los conocimientos sobre el comportamiento de la tinta y los pigmentos utilizados en el grabado para aplicarlos a la producción de grabado profesional. </p>
<p>Este taller se orientará a trabajar piezas como un homenaje a Joy Laville (Reino Unido 1923-México 2018), fusionando técnica y sensibilidad, con estampas tributo a la artista quien, al residir y crear en México, se convirtió en una de las artistas más relevantes de nuestro país y de Guanajuato.<br />
Los resultados de este taller se presentarán como parte del programa de artes visuales del Festival Internacional Cervantino en su edición 53, en alineación a Reino Unido como país invitado de honor, en una muestra tributo a Joy Laville. </p>
<p>Dirigido a: Artistas visuales emergentes y con trayectoria con especialización y experiencia en procesos de grabado calcográfico.</p>
<p>Duración: 40 horas</p>
<p>Fechas y horarios: Los sábados y domingos del 30 de agosto al 21 de septiembre de 2025. De 11:00 a 14:00 horas y de 15:00 a 17:00 h</p>
<p>Modalidad: ​Presencial</p>
