{"id":11163,"date":"2025-08-08T22:32:11","date_gmt":"2025-08-08T22:32:11","guid":{"rendered":"https:\/\/cultura.guanajuato.gob.mx\/?post_type=tribe_events&#038;p=11163"},"modified":"2025-08-29T23:17:45","modified_gmt":"2025-08-29T23:17:45","slug":"las-razones-de-mi-cuerp-laboratorio-de-creacion-de-unipersonales-funcion-antropologias-coreograficas","status":"publish","type":"tribe_events","link":"https:\/\/cultura.guanajuato.gob.mx\/index.php\/evento\/las-razones-de-mi-cuerp-laboratorio-de-creacion-de-unipersonales-funcion-antropologias-coreograficas\/","title":{"rendered":"Las Razones de mi cuerp@, Laboratorio de creaci\u00f3n de unipersonales + Funci\u00f3n: Antropolog\u00edas coreogr\u00e1ficas"},"content":{"rendered":"<p>Imparte: Fidel Jaciel Neri Ju\u00e1rez, Paola Bal\u00e1n y Daniela Cabrera.<\/p>\n<p>Sinopsis: Este laboratorio de creaci\u00f3n profundiza en la diversidad de cualidades que contiene cada ser humano como ser creador. Se proponen preguntas detonadoras que posibiliten entender y encontrar lo singular de cada participante para reconocer y valorar lo que cada cuerpo conserva, resignifica a trav\u00e9s de la memoria y expresa. Durante las sesiones se abordar\u00e1n temas como: la memoria de mi entorno, los contextos de mi cuerpo, cuerpo-antropolog\u00eda, las relaciones corpo-objetuales, la contemplaci\u00f3n de mis intangibles.<\/p>\n<p>Antropolog\u00edas Coreogr\u00e1ficas, es una obra coreogr\u00e1fica compuesta por unipersonales que integran una perspectiva coreogr\u00e1fica y antropol\u00f3gica<\/p>\n<p>Dirigido a: Estudiantes a nivel intermedio de teatro y danza contempor\u00e1nea, estudiantes a nivel intermedio-avanzado de distintos g\u00e9neros danc\u00edsticos; y practicantes a nivel intermedio-avanzado de distintas disciplinas esc\u00e9nicas y corporales como: aerealismo, circo, performance, danza contempor\u00e1nea, artes marciales, teatro f\u00edsico, entre otras.<\/p>\n<p>Fechas y horarios:  Los d\u00edas 5, 6, 12 y 13 de septiembre de 2025. Los viernes de 16:00 a 20:00 horas y los s\u00e1bados de 10:00 a 14:00 horas y de 16:00 a 18:00 h<\/p>\n<p>Presentaci\u00f3n de resultados: El s\u00e1bado 13 de septiembre de 2025 a las 18:00 h<\/p>\n<p>Modalidad: Presencial <\/p>\n","protected":false},"excerpt":{"rendered":"<p>Imparte: Fidel Jaciel Neri Ju\u00e1rez, Paola Bal\u00e1n y Daniela Cabrera. Sinopsis: Este laboratorio de creaci\u00f3n profundiza en la diversidad de cualidades que contiene cada ser humano como ser creador. Se [&hellip;]<\/p>\n","protected":false},"author":5,"featured_media":10976,"template":"","meta":{"_tribe_events_status":"","_tribe_events_status_reason":"","footnotes":""},"tags":[80,211,360,675,120,49,137],"tribe_events_cat":[363],"class_list":["post-11163","tribe_events","type-tribe_events","status-publish","hentry","tag-centro-de-las-artes","tag-centro-de-las-artes-de-guanajuato","tag-centro-de-las-artes-de-guanajuato-en-salamanca","tag-coreografia","tag-danza","tag-salamanca","tag-taller","tribe_events_cat-talleres","cat_talleres"],"_links":{"self":[{"href":"https:\/\/cultura.guanajuato.gob.mx\/index.php\/wp-json\/wp\/v2\/tribe_events\/11163","targetHints":{"allow":["GET"]}}],"collection":[{"href":"https:\/\/cultura.guanajuato.gob.mx\/index.php\/wp-json\/wp\/v2\/tribe_events"}],"about":[{"href":"https:\/\/cultura.guanajuato.gob.mx\/index.php\/wp-json\/wp\/v2\/types\/tribe_events"}],"author":[{"embeddable":true,"href":"https:\/\/cultura.guanajuato.gob.mx\/index.php\/wp-json\/wp\/v2\/users\/5"}],"version-history":[{"count":1,"href":"https:\/\/cultura.guanajuato.gob.mx\/index.php\/wp-json\/wp\/v2\/tribe_events\/11163\/revisions"}],"predecessor-version":[{"id":11164,"href":"https:\/\/cultura.guanajuato.gob.mx\/index.php\/wp-json\/wp\/v2\/tribe_events\/11163\/revisions\/11164"}],"wp:featuredmedia":[{"embeddable":true,"href":"https:\/\/cultura.guanajuato.gob.mx\/index.php\/wp-json\/wp\/v2\/media\/10976"}],"wp:attachment":[{"href":"https:\/\/cultura.guanajuato.gob.mx\/index.php\/wp-json\/wp\/v2\/media?parent=11163"}],"wp:term":[{"taxonomy":"post_tag","embeddable":true,"href":"https:\/\/cultura.guanajuato.gob.mx\/index.php\/wp-json\/wp\/v2\/tags?post=11163"},{"taxonomy":"tribe_events_cat","embeddable":true,"href":"https:\/\/cultura.guanajuato.gob.mx\/index.php\/wp-json\/wp\/v2\/tribe_events_cat?post=11163"}],"curies":[{"name":"wp","href":"https:\/\/api.w.org\/{rel}","templated":true}]}}

Las Razones de mi cuerp@, Laboratorio de creación de unipersonales + Función: Antropologías coreográficas

<p>Imparte: Fidel Jaciel Neri Juárez, Paola Balán y Daniela Cabrera.</p>
<p>Sinopsis: Este laboratorio de creación profundiza en la diversidad de cualidades que contiene cada ser humano como ser creador. Se proponen preguntas detonadoras que posibiliten entender y encontrar lo singular de cada participante para reconocer y valorar lo que cada cuerpo conserva, resignifica a través de la memoria y expresa. Durante las sesiones se abordarán temas como: la memoria de mi entorno, los contextos de mi cuerpo, cuerpo-antropología, las relaciones corpo-objetuales, la contemplación de mis intangibles.</p>
<p>Antropologías Coreográficas, es una obra coreográfica compuesta por unipersonales que integran una perspectiva coreográfica y antropológica</p>
<p>Dirigido a: Estudiantes a nivel intermedio de teatro y danza contemporánea, estudiantes a nivel intermedio-avanzado de distintos géneros dancísticos; y practicantes a nivel intermedio-avanzado de distintas disciplinas escénicas y corporales como: aerealismo, circo, performance, danza contemporánea, artes marciales, teatro físico, entre otras.</p>
<p>Fechas y horarios:  Los días 5, 6, 12 y 13 de septiembre de 2025. Los viernes de 16:00 a 20:00 horas y los sábados de 10:00 a 14:00 horas y de 16:00 a 18:00 h</p>
<p>Presentación de resultados: El sábado 13 de septiembre de 2025 a las 18:00 h</p>
<p>Modalidad: Presencial </p>

<p>Imparte: Fidel Jaciel Neri Juárez, Paola Balán y Daniela Cabrera. Sinopsis: Este laboratorio de creación profundiza en la diversidad de cualidades que contiene cada ser humano como ser creador. Se [&hellip;]</p>
