{"id":9927,"date":"2025-06-30T18:53:12","date_gmt":"2025-06-30T18:53:12","guid":{"rendered":"https:\/\/cultura.guanajuato.gob.mx\/index.php\/evento\/cantanta-de-santa-maria-de-chile\/"},"modified":"2025-07-01T23:26:06","modified_gmt":"2025-07-01T23:26:06","slug":"cantanta-de-santa-maria-de-chile","status":"publish","type":"tribe_events","link":"https:\/\/cultura.guanajuato.gob.mx\/index.php\/evento\/cantanta-de-santa-maria-de-chile\/","title":{"rendered":"Cantanta de Santa Mar\u00eda de Chile"},"content":{"rendered":"<p>La Orquesta Sinf\u00f3nica Estudiantil de Collipulli fue creada en el a\u00f1o 2006 bajo la direcci\u00f3n de don Sergio Alex Contreras Arriagada y bajo la ilustre municipalidad de Collipulli. En sus comienzos como orquesta fue integrada por 40 ni\u00f1os llegando hoy a participar en el proyecto alrededor de 140 j\u00f3venes de entre 11 a 25 a\u00f1os. <\/p>\n<p>Programa.<br \/>\nLa Cantata de Santa Mar\u00eda de Iquique es una cantata compuesta por el m\u00fasico chileno Luis Advis hacia fines de 1969 e interpretada principalmente por el grupo Quilapay\u00fan. La obra musical est\u00e1 compuesta por dieciocho partes, incluyendo cinco relatos en los que se narran los sucesos de la Matanza de la Escuela Santa Mar\u00eda, ocurrida el 21 de diciembre de 1907 en la ciudad de Iquique, en el norte de Chile.<br \/>\nLa Cantata Popular, como tambi\u00e9n se denomina, es considerada como una de las obras cumbres de la llamada nueva canci\u00f3n chilena que se desarroll\u00f3 desde fines de los a\u00f1os 1960 y los a\u00f1os 1970. Es el s\u00e9ptimo \u00e1lbum de estudio oficial de Quilapay\u00fan, lanzado originalmente en 1970 bajo el nombre de Santa Mar\u00eda de Iquique, y mezcla elementos de la m\u00fasica folcl\u00f3rica con otros de la m\u00fasica docta y religiosa.<\/p>\n<p>Sin costo<\/p>\n","protected":false},"excerpt":{"rendered":"<p>Orquesta Sinf\u00f3nica Estudiantil y Coro de Collipulli de Chile<\/p>\n","protected":false},"author":5,"featured_media":9931,"template":"","meta":{"_tribe_events_status":"","_tribe_events_status_reason":"","footnotes":""},"tags":[34,38,350,351,101],"tribe_events_cat":[349],"class_list":["post-9927","tribe_events","type-tribe_events","status-publish","hentry","tag-guanajuato","tag-musica","tag-semana-27","tag-sin-costo","tag-teatro-cervantes","tribe_events_cat-musica","cat_musica"],"_links":{"self":[{"href":"https:\/\/cultura.guanajuato.gob.mx\/index.php\/wp-json\/wp\/v2\/tribe_events\/9927","targetHints":{"allow":["GET"]}}],"collection":[{"href":"https:\/\/cultura.guanajuato.gob.mx\/index.php\/wp-json\/wp\/v2\/tribe_events"}],"about":[{"href":"https:\/\/cultura.guanajuato.gob.mx\/index.php\/wp-json\/wp\/v2\/types\/tribe_events"}],"author":[{"embeddable":true,"href":"https:\/\/cultura.guanajuato.gob.mx\/index.php\/wp-json\/wp\/v2\/users\/5"}],"version-history":[{"count":3,"href":"https:\/\/cultura.guanajuato.gob.mx\/index.php\/wp-json\/wp\/v2\/tribe_events\/9927\/revisions"}],"predecessor-version":[{"id":10330,"href":"https:\/\/cultura.guanajuato.gob.mx\/index.php\/wp-json\/wp\/v2\/tribe_events\/9927\/revisions\/10330"}],"wp:featuredmedia":[{"embeddable":true,"href":"https:\/\/cultura.guanajuato.gob.mx\/index.php\/wp-json\/wp\/v2\/media\/9931"}],"wp:attachment":[{"href":"https:\/\/cultura.guanajuato.gob.mx\/index.php\/wp-json\/wp\/v2\/media?parent=9927"}],"wp:term":[{"taxonomy":"post_tag","embeddable":true,"href":"https:\/\/cultura.guanajuato.gob.mx\/index.php\/wp-json\/wp\/v2\/tags?post=9927"},{"taxonomy":"tribe_events_cat","embeddable":true,"href":"https:\/\/cultura.guanajuato.gob.mx\/index.php\/wp-json\/wp\/v2\/tribe_events_cat?post=9927"}],"curies":[{"name":"wp","href":"https:\/\/api.w.org\/{rel}","templated":true}]}}

Cantanta de Santa María de Chile

<p>La Orquesta Sinfónica Estudiantil de Collipulli fue creada en el año 2006 bajo la dirección de don Sergio Alex Contreras Arriagada y bajo la ilustre municipalidad de Collipulli. En sus comienzos como orquesta fue integrada por 40 niños llegando hoy a participar en el proyecto alrededor de 140 jóvenes de entre 11 a 25 años. </p>
<p>Programa.<br />
La Cantata de Santa María de Iquique es una cantata compuesta por el músico chileno Luis Advis hacia fines de 1969 e interpretada principalmente por el grupo Quilapayún. La obra musical está compuesta por dieciocho partes, incluyendo cinco relatos en los que se narran los sucesos de la Matanza de la Escuela Santa María, ocurrida el 21 de diciembre de 1907 en la ciudad de Iquique, en el norte de Chile.<br />
La Cantata Popular, como también se denomina, es considerada como una de las obras cumbres de la llamada nueva canción chilena que se desarrolló desde fines de los años 1960 y los años 1970. Es el séptimo álbum de estudio oficial de Quilapayún, lanzado originalmente en 1970 bajo el nombre de Santa María de Iquique, y mezcla elementos de la música folclórica con otros de la música docta y religiosa.</p>
<p>Sin costo</p>

<p>Orquesta Sinfónica Estudiantil y Coro de Collipulli de Chile</p>
