{"id":9932,"date":"2025-06-30T18:53:18","date_gmt":"2025-06-30T18:53:18","guid":{"rendered":"https:\/\/cultura.guanajuato.gob.mx\/index.php\/evento\/conversatorio-y-recorrido-inaugural-cuerpos-y-contextos-blu-azcue-y-jorge-ortega\/"},"modified":"2025-07-01T23:29:12","modified_gmt":"2025-07-01T23:29:12","slug":"conversatorio-y-recorrido-inaugural-cuerpos-y-contextos-blu-azcue-y-jorge-ortega","status":"publish","type":"tribe_events","link":"https:\/\/cultura.guanajuato.gob.mx\/index.php\/evento\/conversatorio-y-recorrido-inaugural-cuerpos-y-contextos-blu-azcue-y-jorge-ortega\/","title":{"rendered":"Conversatorio y recorrido inaugural: Cuerpos y contextos. Bl\u00fa Azcu\u00e9 y Jorge Ortega"},"content":{"rendered":"<p>Charla y recorrido inaugural con los artistas. La Secretar\u00eda de Cultura del Estado de Guanajuato, a trav\u00e9s de la Direcci\u00f3n de Museos, Artes Visuales y Exposiciones, presenta este di\u00e1logo expositivo de dos artistas seleccionados de la Convocatoria Randy Walz, 2023; donde el eje central del discurso radica en la importancia del cuerpo humano como el soporte consciente que alienta la generaci\u00f3n de v\u00ednculos con el mundo que nos rodea.<\/p>\n<p>Sin costo<\/p>\n","protected":false},"excerpt":{"rendered":"<p>Bl\u00fa Azcu\u00e9 y Jorge Ortega.<\/p>\n","protected":false},"author":5,"featured_media":9951,"template":"","meta":{"_tribe_events_status":"","_tribe_events_status_reason":"","footnotes":""},"tags":[358,34,357,350,351],"tribe_events_cat":[356],"class_list":["post-9932","tribe_events","type-tribe_events","status-publish","hentry","tag-exposiciones","tag-guanajuato","tag-museo-de-arte-olga-costa-jose-chavez-morado","tag-semana-27","tag-sin-costo","tribe_events_cat-exposiciones","cat_exposiciones"],"_links":{"self":[{"href":"https:\/\/cultura.guanajuato.gob.mx\/index.php\/wp-json\/wp\/v2\/tribe_events\/9932","targetHints":{"allow":["GET"]}}],"collection":[{"href":"https:\/\/cultura.guanajuato.gob.mx\/index.php\/wp-json\/wp\/v2\/tribe_events"}],"about":[{"href":"https:\/\/cultura.guanajuato.gob.mx\/index.php\/wp-json\/wp\/v2\/types\/tribe_events"}],"author":[{"embeddable":true,"href":"https:\/\/cultura.guanajuato.gob.mx\/index.php\/wp-json\/wp\/v2\/users\/5"}],"version-history":[{"count":3,"href":"https:\/\/cultura.guanajuato.gob.mx\/index.php\/wp-json\/wp\/v2\/tribe_events\/9932\/revisions"}],"predecessor-version":[{"id":10336,"href":"https:\/\/cultura.guanajuato.gob.mx\/index.php\/wp-json\/wp\/v2\/tribe_events\/9932\/revisions\/10336"}],"wp:featuredmedia":[{"embeddable":true,"href":"https:\/\/cultura.guanajuato.gob.mx\/index.php\/wp-json\/wp\/v2\/media\/9951"}],"wp:attachment":[{"href":"https:\/\/cultura.guanajuato.gob.mx\/index.php\/wp-json\/wp\/v2\/media?parent=9932"}],"wp:term":[{"taxonomy":"post_tag","embeddable":true,"href":"https:\/\/cultura.guanajuato.gob.mx\/index.php\/wp-json\/wp\/v2\/tags?post=9932"},{"taxonomy":"tribe_events_cat","embeddable":true,"href":"https:\/\/cultura.guanajuato.gob.mx\/index.php\/wp-json\/wp\/v2\/tribe_events_cat?post=9932"}],"curies":[{"name":"wp","href":"https:\/\/api.w.org\/{rel}","templated":true}]}}

Conversatorio y recorrido inaugural: Cuerpos y contextos. Blú Azcué y Jorge Ortega

<p>Charla y recorrido inaugural con los artistas. La Secretaría de Cultura del Estado de Guanajuato, a través de la Dirección de Museos, Artes Visuales y Exposiciones, presenta este diálogo expositivo de dos artistas seleccionados de la Convocatoria Randy Walz, 2023; donde el eje central del discurso radica en la importancia del cuerpo humano como el soporte consciente que alienta la generación de vínculos con el mundo que nos rodea.</p>
<p>Sin costo</p>

<p>Blú Azcué y Jorge Ortega.</p>
