{"id":9974,"date":"2025-06-30T19:38:14","date_gmt":"2025-06-30T19:38:14","guid":{"rendered":"https:\/\/cultura.guanajuato.gob.mx\/index.php\/evento\/taller-de-postproduccion-de-audio-para-cine-y-multimedia\/"},"modified":"2025-07-01T23:39:45","modified_gmt":"2025-07-01T23:39:45","slug":"taller-de-postproduccion-de-audio-para-cine-y-multimedia","status":"publish","type":"tribe_events","link":"https:\/\/cultura.guanajuato.gob.mx\/index.php\/evento\/taller-de-postproduccion-de-audio-para-cine-y-multimedia\/","title":{"rendered":"Taller de Postproducci\u00f3n de Audio para Cine y Multimedia"},"content":{"rendered":"<p>El Taller de Postproducci\u00f3n de Audio para Cine y Multimedia busca formar profesionales capacitados en el dise\u00f1o y manipulaci\u00f3n del sonido para producciones audiovisuales. Las personas participantes aprender\u00e1n t\u00e9cnicas especializadas de edici\u00f3n, mezcla y masterizaci\u00f3n de audio, as\u00ed como el manejo de efectos sonoros, di\u00e1logos y m\u00fasica para potenciar narrativas cinematogr\u00e1ficas y multimedia. El objetivo es desarrollar habilidades pr\u00e1cticas que permitan crear ambientes sonoros inmersivos y efectivos, elevando la calidad de cualquier proyecto audiovisual mediante un sonido profesional.<\/p>\n<p>Dirigido a estudiantes de comunicaci\u00f3n audiovisual, cineastas independientes, personas productoras de contenido y dise\u00f1adoras de sonido en formaci\u00f3n, as\u00ed como profesionales del sector audiovisual que deseen especializarse en el \u00e1mbito sonoro.<br \/>\nDel lunes 7 al s\u00e1bado 26 de julio de 2025<br \/>\nSesiones virtuales<br \/>\nLunes, mi\u00e9rcoles y viernes de 17:00 a 19:00 horas<br \/>\nPresencial<br \/>\nS\u00e1bados 19 y 26 de julio de 10:00 a 16:00 horas<br \/>\nModalidad: semipresencial<\/p>\n<p>Centro de las Artes de Guanajuato<br \/>\nAv. Revoluci\u00f3n No. 204, Zona Centro. Salamanca, Guanajuato. C.P. 36700.<\/p>\n<p>Costo: $900<\/p>\n","protected":false},"excerpt":{"rendered":"<p>Impartido por Centro Mexicano para la M\u00fasica y las Artes Sonoras CMMAS <\/p>\n","protected":false},"author":5,"featured_media":9979,"template":"","meta":{"_tribe_events_status":"","_tribe_events_status_reason":"","footnotes":""},"tags":[360,354,49,365,378,379,48],"tribe_events_cat":[363],"class_list":["post-9974","tribe_events","type-tribe_events","status-publish","hentry","tag-centro-de-las-artes-de-guanajuato-en-salamanca","tag-con-costo","tag-salamanca","tag-semana-28","tag-semana-28-centro-de-las-artes-de-guanajuato-en-salamanca","tag-semana-28-salamanca","tag-talleres","tribe_events_cat-talleres","cat_talleres"],"_links":{"self":[{"href":"https:\/\/cultura.guanajuato.gob.mx\/index.php\/wp-json\/wp\/v2\/tribe_events\/9974","targetHints":{"allow":["GET"]}}],"collection":[{"href":"https:\/\/cultura.guanajuato.gob.mx\/index.php\/wp-json\/wp\/v2\/tribe_events"}],"about":[{"href":"https:\/\/cultura.guanajuato.gob.mx\/index.php\/wp-json\/wp\/v2\/types\/tribe_events"}],"author":[{"embeddable":true,"href":"https:\/\/cultura.guanajuato.gob.mx\/index.php\/wp-json\/wp\/v2\/users\/5"}],"version-history":[{"count":3,"href":"https:\/\/cultura.guanajuato.gob.mx\/index.php\/wp-json\/wp\/v2\/tribe_events\/9974\/revisions"}],"predecessor-version":[{"id":10359,"href":"https:\/\/cultura.guanajuato.gob.mx\/index.php\/wp-json\/wp\/v2\/tribe_events\/9974\/revisions\/10359"}],"wp:featuredmedia":[{"embeddable":true,"href":"https:\/\/cultura.guanajuato.gob.mx\/index.php\/wp-json\/wp\/v2\/media\/9979"}],"wp:attachment":[{"href":"https:\/\/cultura.guanajuato.gob.mx\/index.php\/wp-json\/wp\/v2\/media?parent=9974"}],"wp:term":[{"taxonomy":"post_tag","embeddable":true,"href":"https:\/\/cultura.guanajuato.gob.mx\/index.php\/wp-json\/wp\/v2\/tags?post=9974"},{"taxonomy":"tribe_events_cat","embeddable":true,"href":"https:\/\/cultura.guanajuato.gob.mx\/index.php\/wp-json\/wp\/v2\/tribe_events_cat?post=9974"}],"curies":[{"name":"wp","href":"https:\/\/api.w.org\/{rel}","templated":true}]}}

Taller de Postproducción de Audio para Cine y Multimedia

<p>El Taller de Postproducción de Audio para Cine y Multimedia busca formar profesionales capacitados en el diseño y manipulación del sonido para producciones audiovisuales. Las personas participantes aprenderán técnicas especializadas de edición, mezcla y masterización de audio, así como el manejo de efectos sonoros, diálogos y música para potenciar narrativas cinematográficas y multimedia. El objetivo es desarrollar habilidades prácticas que permitan crear ambientes sonoros inmersivos y efectivos, elevando la calidad de cualquier proyecto audiovisual mediante un sonido profesional.</p>
<p>Dirigido a estudiantes de comunicación audiovisual, cineastas independientes, personas productoras de contenido y diseñadoras de sonido en formación, así como profesionales del sector audiovisual que deseen especializarse en el ámbito sonoro.<br />
Del lunes 7 al sábado 26 de julio de 2025<br />
Sesiones virtuales<br />
Lunes, miércoles y viernes de 17:00 a 19:00 horas<br />
Presencial<br />
Sábados 19 y 26 de julio de 10:00 a 16:00 horas<br />
Modalidad: semipresencial</p>
<p>Centro de las Artes de Guanajuato<br />
Av. Revolución No. 204, Zona Centro. Salamanca, Guanajuato. C.P. 36700.</p>
<p>Costo: $900</p>

<p>Impartido por Centro Mexicano para la Música y las Artes Sonoras CMMAS </p>
